Last updated on 2025-02-19 07:53:58 CET.
Flavor | Version | Tinstall | Tcheck | Ttotal | Status | Flags |
---|---|---|---|---|---|---|
r-devel-linux-x86_64-debian-clang | 1.6 | 4.49 | 51.56 | 56.05 | OK | |
r-devel-linux-x86_64-debian-gcc | 1.6 | 3.23 | 39.05 | 42.28 | OK | |
r-devel-linux-x86_64-fedora-clang | 1.6 | 90.88 | OK | |||
r-devel-linux-x86_64-fedora-gcc | 1.6 | 99.80 | OK | |||
r-devel-macos-arm64 | 1.6 | 38.00 | OK | |||
r-devel-macos-x86_64 | 1.6 | 62.00 | OK | |||
r-devel-windows-x86_64 | 1.6 | 7.00 | 116.00 | 123.00 | OK | |
r-patched-linux-x86_64 | 1.6 | 4.77 | 48.73 | 53.50 | NOTE | |
r-release-linux-x86_64 | 1.6 | 4.55 | 48.97 | 53.52 | NOTE | |
r-release-macos-arm64 | 1.6 | 43.00 | NOTE | |||
r-release-macos-x86_64 | 1.6 | 59.00 | NOTE | |||
r-release-windows-x86_64 | 1.6 | 8.00 | 111.00 | 119.00 | NOTE | |
r-oldrel-macos-arm64 | 1.6 | 39.00 | NOTE | |||
r-oldrel-macos-x86_64 | 1.6 | 52.00 | NOTE | |||
r-oldrel-windows-x86_64 | 1.6 | 8.00 | 109.00 | 117.00 | NOTE |
Version: 1.6
Check: LazyData
Result: NOTE
'LazyData' is specified without a 'data' directory
Flavors: r-patched-linux-x86_64, r-release-linux-x86_64, r-release-macos-arm64, r-release-macos-x86_64, r-release-windows-x86_64, r-oldrel-macos-arm64, r-oldrel-macos-x86_64, r-oldrel-windows-x86_64