Last updated on 2024-05-11 07:51:42 CEST.
Flavor | Version | Tinstall | Tcheck | Ttotal | Status | Flags |
---|---|---|---|---|---|---|
r-devel-linux-x86_64-debian-clang | 1.1.1 | 149.66 | 124.45 | 274.11 | NOTE | |
r-devel-linux-x86_64-debian-gcc | 1.1.1 | 117.12 | 90.72 | 207.84 | NOTE | |
r-devel-linux-x86_64-fedora-clang | 1.1.1 | 395.51 | NOTE | |||
r-devel-linux-x86_64-fedora-gcc | 1.1.1 | 465.73 | NOTE | |||
r-devel-windows-x86_64 | 1.1.1 | 120.00 | 126.00 | 246.00 | NOTE | |
r-patched-linux-x86_64 | 1.1.1 | 108.02 | 115.08 | 223.10 | NOTE | |
r-release-linux-x86_64 | 1.1.1 | 102.12 | 119.01 | 221.13 | NOTE | |
r-release-macos-arm64 | 1.1.1 | 83.00 | NOTE | |||
r-release-windows-x86_64 | 1.1.1 | 119.00 | 123.00 | 242.00 | NOTE | |
r-oldrel-macos-arm64 | 1.1.1 | 99.00 | NOTE | |||
r-oldrel-macos-x86_64 | 1.1.1 | 167.00 | NOTE | |||
r-oldrel-windows-x86_64 | 1.1.1 | 142.00 | 153.00 | 295.00 | NOTE |
Version: 1.1.1
Check: C++ specification
Result: NOTE
Specified C++11: please drop specification unless essential
Flavors: r-devel-linux-x86_64-debian-clang, r-devel-linux-x86_64-debian-gcc, r-devel-linux-x86_64-fedora-clang, r-devel-linux-x86_64-fedora-gcc, r-devel-windows-x86_64, r-patched-linux-x86_64, r-release-linux-x86_64, r-release-macos-arm64, r-release-windows-x86_64, r-oldrel-macos-arm64, r-oldrel-macos-x86_64, r-oldrel-windows-x86_64