Last updated on 2025-11-04 07:50:07 CET.
| Flavor | Version | Tinstall | Tcheck | Ttotal | Status | Flags | 
|---|---|---|---|---|---|---|
| r-devel-linux-x86_64-debian-clang | 1.1.1 | 2.37 | 103.57 | 105.94 | NOTE | |
| r-devel-linux-x86_64-debian-gcc | 1.1.1 | 1.85 | 72.26 | 74.11 | NOTE | |
| r-devel-linux-x86_64-fedora-clang | 1.1.1 | 164.11 | NOTE | |||
| r-devel-linux-x86_64-fedora-gcc | 1.1.1 | 170.43 | NOTE | |||
| r-devel-windows-x86_64 | 1.1.1 | 8.00 | 116.00 | 124.00 | NOTE | |
| r-patched-linux-x86_64 | 1.1.1 | 2.66 | 98.46 | 101.12 | NOTE | |
| r-release-linux-x86_64 | 1.1.1 | 2.26 | 98.33 | 100.59 | NOTE | |
| r-release-macos-arm64 | 1.1.1 | 1.00 | 59.00 | 60.00 | NOTE | |
| r-release-macos-x86_64 | 1.1.1 | 2.00 | 115.00 | 117.00 | NOTE | |
| r-release-windows-x86_64 | 1.1.1 | 6.00 | 113.00 | 119.00 | NOTE | |
| r-oldrel-macos-arm64 | 1.1.1 | 1.00 | 49.00 | 50.00 | OK | |
| r-oldrel-macos-x86_64 | 1.1.1 | 2.00 | 77.00 | 79.00 | OK | |
| r-oldrel-windows-x86_64 | 1.1.1 | 7.00 | 153.00 | 160.00 | OK | 
Version: 1.1.1
Check: DESCRIPTION meta-information
Result: NOTE
    Missing dependency on R >= 4.1.0 because package code uses the pipe
    |> or function shorthand \(...) syntax added in R 4.1.0.
    File(s) using such syntax:
      ‘as_SpatRaster.Rd’ ‘clip_bands.Rd’ ‘get_band_names.Rd’
      ‘get_spatial_resolution.Rd’ ‘get_spectral_band_names.Rd’
      ‘merge_tiles.Rd’ ‘save_by_resolution.Rd’ ‘select_bands.Rd’
Flavors: r-devel-linux-x86_64-debian-clang, r-devel-linux-x86_64-debian-gcc, r-devel-linux-x86_64-fedora-clang, r-devel-linux-x86_64-fedora-gcc, r-devel-windows-x86_64, r-patched-linux-x86_64, r-release-linux-x86_64, r-release-macos-arm64, r-release-macos-x86_64, r-release-windows-x86_64