CRAN Package Check Results for Package sankey

Last updated on 2025-02-19 07:53:58 CET.

Flavor Version Tinstall Tcheck Ttotal Status Flags
r-devel-linux-x86_64-debian-clang 1.0.2 1.86 32.93 34.79 OK
r-devel-linux-x86_64-debian-gcc 1.0.2 1.63 23.28 24.91 OK
r-devel-linux-x86_64-fedora-clang 1.0.2 61.00 OK
r-devel-linux-x86_64-fedora-gcc 1.0.2 55.68 OK
r-devel-macos-arm64 1.0.2 21.00 OK
r-devel-macos-x86_64 1.0.2 39.00 OK
r-devel-windows-x86_64 1.0.2 3.00 52.00 55.00 OK
r-patched-linux-x86_64 1.0.2 2.34 31.77 34.11 NOTE
r-release-linux-x86_64 1.0.2 1.97 31.88 33.85 NOTE
r-release-macos-arm64 1.0.2 21.00 NOTE
r-release-macos-x86_64 1.0.2 30.00 NOTE
r-release-windows-x86_64 1.0.2 3.00 50.00 53.00 NOTE
r-oldrel-macos-arm64 1.0.2 24.00 NOTE
r-oldrel-macos-x86_64 1.0.2 30.00 NOTE
r-oldrel-windows-x86_64 1.0.2 4.00 61.00 65.00 NOTE

Check Details

Version: 1.0.2
Check: LazyData
Result: NOTE 'LazyData' is specified without a 'data' directory Flavors: r-patched-linux-x86_64, r-release-linux-x86_64, r-release-macos-arm64, r-release-macos-x86_64, r-release-windows-x86_64, r-oldrel-macos-arm64, r-oldrel-macos-x86_64, r-oldrel-windows-x86_64