Last updated on 2025-02-17 07:50:46 CET.
Flavor | Version | Tinstall | Tcheck | Ttotal | Status | Flags |
---|---|---|---|---|---|---|
r-devel-linux-x86_64-debian-clang | 0.2.0 | 13.08 | 62.83 | 75.91 | NOTE | |
r-devel-linux-x86_64-debian-gcc | 0.2.0 | 9.29 | 43.42 | 52.71 | NOTE | |
r-devel-linux-x86_64-fedora-clang | 0.2.0 | 129.73 | NOTE | |||
r-devel-linux-x86_64-fedora-gcc | 0.2.0 | 316.27 | NOTE | |||
r-devel-macos-arm64 | 0.2.0 | 99.00 | NOTE | |||
r-devel-macos-x86_64 | 0.2.0 | 170.00 | NOTE | |||
r-devel-windows-x86_64 | 0.2.0 | 16.00 | 98.00 | 114.00 | NOTE | |
r-patched-linux-x86_64 | 0.2.0 | 13.30 | 58.08 | 71.38 | NOTE | |
r-release-linux-x86_64 | 0.2.0 | 12.40 | 59.55 | 71.95 | NOTE | |
r-release-macos-arm64 | 0.2.0 | 93.00 | NOTE | |||
r-release-macos-x86_64 | 0.2.0 | 161.00 | NOTE | |||
r-release-windows-x86_64 | 0.2.0 | 17.00 | 105.00 | 122.00 | NOTE | |
r-oldrel-macos-arm64 | 0.2.0 | 91.00 | OK | |||
r-oldrel-macos-x86_64 | 0.2.0 | 123.00 | OK | |||
r-oldrel-windows-x86_64 | 0.2.0 | 20.00 | 111.00 | 131.00 | OK |
Version: 0.2.0
Check: Rd files
Result: NOTE
checkRd: (-1) setData.ReducedRankRegressions.Rd:14-16: Lost braces in \itemize; meant \describe ?
checkRd: (-1) setData.ReducedRankRegressions.Rd:17-18: Lost braces in \itemize; meant \describe ?
Flavors: r-devel-linux-x86_64-debian-clang, r-devel-linux-x86_64-debian-gcc, r-devel-linux-x86_64-fedora-clang, r-devel-linux-x86_64-fedora-gcc, r-devel-macos-arm64, r-devel-macos-x86_64, r-devel-windows-x86_64, r-patched-linux-x86_64, r-release-linux-x86_64, r-release-macos-arm64, r-release-macos-x86_64, r-release-windows-x86_64
Version: 0.2.0
Check: compiled code
Result: NOTE
File ‘sBIC/libs/sBIC.so’:
Found no calls to: ‘R_registerRoutines’, ‘R_useDynamicSymbols’
It is good practice to register native routines and to disable symbol
search.
See ‘Writing portable packages’ in the ‘Writing R Extensions’ manual.
Flavors: r-devel-linux-x86_64-fedora-clang, r-devel-linux-x86_64-fedora-gcc