CRAN Package Check Results for Package rwfec

Last updated on 2025-02-17 07:50:46 CET.

Flavor Version Tinstall Tcheck Ttotal Status Flags
r-devel-linux-x86_64-debian-clang 0.2 13.46 20.79 34.25 OK
r-devel-linux-x86_64-debian-gcc 0.2 8.99 16.82 25.81 OK
r-devel-linux-x86_64-fedora-clang 0.2 61.04 NOTE
r-devel-linux-x86_64-fedora-gcc 0.2 55.50 NOTE
r-devel-macos-arm64 0.2 20.00 OK
r-devel-macos-x86_64 0.2 30.00 OK
r-devel-windows-x86_64 0.2 14.00 62.00 76.00 OK
r-patched-linux-x86_64 0.2 12.69 19.96 32.65 NOTE
r-release-linux-x86_64 0.2 12.51 19.74 32.25 NOTE
r-release-macos-arm64 0.2 22.00 NOTE
r-release-macos-x86_64 0.2 29.00 NOTE
r-release-windows-x86_64 0.2 15.00 63.00 78.00 NOTE
r-oldrel-macos-arm64 0.2 23.00 NOTE
r-oldrel-macos-x86_64 0.2 35.00 NOTE
r-oldrel-windows-x86_64 0.2 16.00 87.00 103.00 NOTE

Check Details

Version: 0.2
Check: compiled code
Result: NOTE File ‘rwfec/libs/rwfec.so’: Found no calls to: ‘R_registerRoutines’, ‘R_useDynamicSymbols’ It is good practice to register native routines and to disable symbol search. See ‘Writing portable packages’ in the ‘Writing R Extensions’ manual. Flavors: r-devel-linux-x86_64-fedora-clang, r-devel-linux-x86_64-fedora-gcc

Version: 0.2
Check: LazyData
Result: NOTE 'LazyData' is specified without a 'data' directory Flavors: r-patched-linux-x86_64, r-release-linux-x86_64, r-release-macos-arm64, r-release-macos-x86_64, r-release-windows-x86_64, r-oldrel-macos-arm64, r-oldrel-macos-x86_64, r-oldrel-windows-x86_64