Last updated on 2025-02-17 07:50:46 CET.
Flavor | Version | Tinstall | Tcheck | Ttotal | Status | Flags |
---|---|---|---|---|---|---|
r-devel-linux-x86_64-debian-clang | 0.1.2 | 3.29 | 32.24 | 35.53 | NOTE | |
r-devel-linux-x86_64-debian-gcc | 0.1.2 | 2.21 | 23.44 | 25.65 | NOTE | |
r-devel-linux-x86_64-fedora-clang | 0.1.2 | 61.14 | NOTE | |||
r-devel-linux-x86_64-fedora-gcc | 0.1.2 | 56.71 | NOTE | |||
r-devel-macos-arm64 | 0.1.2 | 20.00 | NOTE | |||
r-devel-macos-x86_64 | 0.1.2 | 36.00 | NOTE | |||
r-devel-windows-x86_64 | 0.1.2 | 3.00 | 61.00 | 64.00 | NOTE | |
r-patched-linux-x86_64 | 0.1.2 | 3.30 | 30.98 | 34.28 | NOTE | |
r-release-linux-x86_64 | 0.1.2 | 3.02 | 30.59 | 33.61 | NOTE | |
r-release-macos-arm64 | 0.1.2 | 21.00 | NOTE | |||
r-release-macos-x86_64 | 0.1.2 | 29.00 | NOTE | |||
r-release-windows-x86_64 | 0.1.2 | 4.00 | 54.00 | 58.00 | NOTE | |
r-oldrel-macos-arm64 | 0.1.2 | 20.00 | NOTE | |||
r-oldrel-macos-x86_64 | 0.1.2 | 30.00 | NOTE | |||
r-oldrel-windows-x86_64 | 0.1.2 | 4.00 | 78.00 | 82.00 | NOTE |
Version: 0.1.2
Check: package subdirectories
Result: NOTE
Problems with news in ‘NEWS.md’:
No news entries found.
Flavors: r-devel-linux-x86_64-debian-clang, r-devel-linux-x86_64-debian-gcc, r-devel-linux-x86_64-fedora-clang, r-devel-linux-x86_64-fedora-gcc, r-devel-macos-arm64, r-devel-macos-x86_64, r-devel-windows-x86_64, r-patched-linux-x86_64, r-release-linux-x86_64, r-release-macos-arm64, r-release-macos-x86_64, r-release-windows-x86_64, r-oldrel-macos-arm64, r-oldrel-macos-x86_64, r-oldrel-windows-x86_64