Last updated on 2025-02-06 07:50:45 CET.
Flavor | Version | Tinstall | Tcheck | Ttotal | Status | Flags |
---|---|---|---|---|---|---|
r-devel-linux-x86_64-debian-clang | 0.1.1 | 6.13 | 45.10 | 51.23 | OK | |
r-devel-linux-x86_64-debian-gcc | 0.1.1 | 4.63 | 31.95 | 36.58 | OK | |
r-devel-linux-x86_64-fedora-clang | 0.1.1 | 79.34 | OK | |||
r-devel-linux-x86_64-fedora-gcc | 0.1.1 | 74.75 | OK | |||
r-devel-windows-x86_64 | 0.1.1 | 8.00 | 62.00 | 70.00 | OK | |
r-patched-linux-x86_64 | 0.1.1 | 5.52 | 41.47 | 46.99 | NOTE | |
r-release-linux-x86_64 | 0.1.1 | 4.53 | 41.20 | 45.73 | NOTE | |
r-release-macos-arm64 | 0.1.1 | 27.00 | NOTE | |||
r-release-macos-x86_64 | 0.1.1 | 63.00 | NOTE | |||
r-release-windows-x86_64 | 0.1.1 | 7.00 | 61.00 | 68.00 | NOTE | |
r-oldrel-macos-arm64 | 0.1.1 | 25.00 | NOTE | |||
r-oldrel-macos-x86_64 | 0.1.1 | 40.00 | NOTE | |||
r-oldrel-windows-x86_64 | 0.1.1 | 9.00 | 67.00 | 76.00 | NOTE |
Version: 0.1.1
Check: LazyData
Result: NOTE
'LazyData' is specified without a 'data' directory
Flavors: r-patched-linux-x86_64, r-release-linux-x86_64, r-release-macos-arm64, r-release-macos-x86_64, r-release-windows-x86_64, r-oldrel-macos-arm64, r-oldrel-macos-x86_64, r-oldrel-windows-x86_64