Last updated on 2024-07-26 07:52:01 CEST.
Flavor | Version | Tinstall | Tcheck | Ttotal | Status | Flags |
---|---|---|---|---|---|---|
r-devel-linux-x86_64-debian-clang | 0.1.0 | 2.55 | 29.84 | 32.39 | NOTE | |
r-devel-linux-x86_64-debian-gcc | 0.1.0 | 2.03 | 23.16 | 25.19 | NOTE | |
r-devel-linux-x86_64-fedora-clang | 0.1.0 | 42.74 | NOTE | |||
r-devel-linux-x86_64-fedora-gcc | 0.1.0 | 52.95 | NOTE | |||
r-devel-windows-x86_64 | 0.1.0 | 4.00 | 46.00 | 50.00 | NOTE | |
r-patched-linux-x86_64 | 0.1.0 | NOTE | ||||
r-release-linux-x86_64 | 0.1.0 | 1.63 | 29.08 | 30.71 | NOTE | |
r-release-macos-arm64 | 0.1.0 | 22.00 | NOTE | |||
r-release-macos-x86_64 | 0.1.0 | 35.00 | NOTE | |||
r-release-windows-x86_64 | 0.1.0 | 3.00 | 46.00 | 49.00 | NOTE | |
r-oldrel-macos-arm64 | 0.1.0 | 22.00 | OK | |||
r-oldrel-macos-x86_64 | 0.1.0 | 35.00 | OK | |||
r-oldrel-windows-x86_64 | 0.1.0 | 5.00 | 48.00 | 53.00 | OK |
Version: 0.1.0
Check: Rd files
Result: NOTE
checkRd: (-1) tw_options.Rd:22: Lost braces in \itemize; meant \describe ?
Flavors: r-devel-linux-x86_64-debian-clang, r-devel-linux-x86_64-debian-gcc, r-devel-linux-x86_64-fedora-clang, r-devel-linux-x86_64-fedora-gcc, r-devel-windows-x86_64, r-patched-linux-x86_64, r-release-linux-x86_64, r-release-macos-arm64, r-release-macos-x86_64, r-release-windows-x86_64