Last updated on 2025-02-17 07:50:46 CET.
Flavor | Version | Tinstall | Tcheck | Ttotal | Status | Flags |
---|---|---|---|---|---|---|
r-devel-linux-x86_64-debian-clang | 0.11-5 | 21.32 | 335.88 | 357.20 | NOTE | |
r-devel-linux-x86_64-debian-gcc | 0.11-5 | 14.06 | 196.82 | 210.88 | NOTE | |
r-devel-linux-x86_64-fedora-clang | 0.11-5 | 594.74 | NOTE | |||
r-devel-linux-x86_64-fedora-gcc | 0.11-5 | 574.19 | NOTE | |||
r-devel-macos-arm64 | 0.11-5 | 151.00 | NOTE | |||
r-devel-macos-x86_64 | 0.11-5 | 347.00 | NOTE | |||
r-devel-windows-x86_64 | 0.11-5 | 24.00 | 290.00 | 314.00 | NOTE | |
r-patched-linux-x86_64 | 0.11-5 | 20.77 | 311.94 | 332.71 | NOTE | |
r-release-linux-x86_64 | 0.11-5 | 20.40 | 312.36 | 332.76 | NOTE | |
r-release-macos-arm64 | 0.11-5 | 132.00 | NOTE | |||
r-release-macos-x86_64 | 0.11-5 | 217.00 | NOTE | |||
r-release-windows-x86_64 | 0.11-5 | 24.00 | 290.00 | 314.00 | NOTE | |
r-oldrel-macos-arm64 | 0.11-5 | 143.00 | OK | |||
r-oldrel-macos-x86_64 | 0.11-5 | 263.00 | OK | |||
r-oldrel-windows-x86_64 | 0.11-5 | 30.00 | 364.00 | 394.00 | OK |
Version: 0.11-5
Check: Rd files
Result: NOTE
checkRd: (-1) LBA-race.Rd:157: Lost braces
157 | corresponding (and not first) accumulator winning see /code{/link{LBA}}.
| ^
checkRd: (-1) LBA-race.Rd:157: Lost braces
157 | corresponding (and not first) accumulator winning see /code{/link{LBA}}.
| ^
Flavors: r-devel-linux-x86_64-debian-clang, r-devel-linux-x86_64-debian-gcc, r-devel-linux-x86_64-fedora-clang, r-devel-linux-x86_64-fedora-gcc, r-devel-macos-arm64, r-devel-macos-x86_64, r-devel-windows-x86_64, r-patched-linux-x86_64, r-release-linux-x86_64, r-release-macos-arm64, r-release-macos-x86_64, r-release-windows-x86_64