CRAN Package Check Results for Package rstan

Last updated on 2025-06-30 07:49:30 CEST.

Flavor Version Tinstall Tcheck Ttotal Status Flags
r-devel-linux-x86_64-debian-clang 2.32.7 188.28 181.12 369.40 OK
r-devel-linux-x86_64-debian-gcc 2.32.7 151.88 142.74 294.62 OK
r-devel-linux-x86_64-fedora-clang 2.32.7 658.98 OK
r-devel-linux-x86_64-fedora-gcc 2.32.7 1402.41 OK
r-devel-windows-x86_64 2.32.7 235.00 212.00 447.00 OK
r-patched-linux-x86_64 OK
r-release-linux-x86_64 2.32.7 205.60 192.16 397.76 OK
r-release-macos-arm64 2.32.7 299.00 OK
r-release-macos-x86_64 2.32.7 979.00 OK
r-release-windows-x86_64 2.32.7 234.00 214.00 448.00 OK
r-oldrel-macos-arm64 2.32.7 223.00 NOTE
r-oldrel-macos-x86_64 2.32.7 395.00 NOTE
r-oldrel-windows-x86_64 2.32.7 261.00 260.00 521.00 NOTE

Check Details

Version: 2.32.7
Check: installed package size
Result: NOTE installed size is 49.5Mb sub-directories of 1Mb or more: exec 1.7Mb lib 34.2Mb libs 11.7Mb Flavors: r-oldrel-macos-arm64, r-oldrel-macos-x86_64, r-oldrel-windows-x86_64

Version: 2.32.7
Check: for GNU extensions in Makefiles
Result: NOTE GNU make is a SystemRequirements. Flavors: r-oldrel-macos-arm64, r-oldrel-macos-x86_64, r-oldrel-windows-x86_64