Last updated on 2025-11-04 07:50:07 CET.
| Flavor | Version | Tinstall | Tcheck | Ttotal | Status | Flags | 
|---|---|---|---|---|---|---|
| r-devel-linux-x86_64-debian-clang | 0.0.2 | 4.02 | 47.38 | 51.40 | OK | |
| r-devel-linux-x86_64-debian-gcc | 0.0.2 | 2.73 | 37.58 | 40.31 | OK | |
| r-devel-linux-x86_64-fedora-clang | 0.0.2 | 16.00 | 69.29 | 85.29 | OK | |
| r-devel-linux-x86_64-fedora-gcc | 0.0.2 | 80.91 | OK | |||
| r-patched-linux-x86_64 | 0.0.2 | 0.24 | 1.72 | 1.96 | ERROR | |
| r-release-linux-x86_64 | 0.0.2 | 3.71 | 44.78 | 48.49 | OK | |
| r-release-macos-arm64 | 0.0.2 | 2.00 | 38.00 | 40.00 | OK | |
| r-release-macos-x86_64 | 0.0.2 | 3.00 | 43.00 | 46.00 | OK | |
| r-oldrel-macos-arm64 | 0.0.2 | 2.00 | 37.00 | 39.00 | NOTE | |
| r-oldrel-macos-x86_64 | 0.0.2 | 4.00 | 79.00 | 83.00 | NOTE | 
Version: 0.0.2
Check: package dependencies
Result: ERROR
  Package required but not available: ‘ShortRead’
  
  Package suggested but not available for checking: ‘polars’
  
  See section ‘The DESCRIPTION file’ in the ‘Writing R Extensions’
  manual.
Flavor: r-patched-linux-x86_64
Version: 0.0.2
Check: package dependencies
Result: NOTE
  Package suggested but not available for checking: ‘polars’
Flavors: r-oldrel-macos-arm64, r-oldrel-macos-x86_64
Version: 0.0.2
Check: installed package size
Result: NOTE
    installed size is  5.0Mb
    sub-directories of 1Mb or more:
      extdata   4.8Mb
Flavors: r-oldrel-macos-arm64, r-oldrel-macos-x86_64
Version: 0.0.2
Check: Rd cross-references
Result: NOTE
  Package unavailable to check Rd xrefs: ‘polars’
Flavors: r-oldrel-macos-arm64, r-oldrel-macos-x86_64