Last updated on 2025-02-17 07:50:45 CET.
Flavor | Version | Tinstall | Tcheck | Ttotal | Status | Flags |
---|---|---|---|---|---|---|
r-devel-linux-x86_64-debian-clang | 0.1-13 | 77.60 | 96.28 | 173.88 | NOTE | |
r-devel-linux-x86_64-debian-gcc | 0.1-13 | 53.27 | 65.32 | 118.59 | NOTE | |
r-devel-linux-x86_64-fedora-clang | 0.1-13 | 310.52 | NOTE | |||
r-devel-linux-x86_64-fedora-gcc | 0.1-13 | 287.91 | NOTE | |||
r-devel-macos-arm64 | 0.1-13 | 65.00 | NOTE | |||
r-devel-macos-x86_64 | 0.1-13 | 134.00 | NOTE | |||
r-devel-windows-x86_64 | 0.1-13 | 83.00 | 130.00 | 213.00 | NOTE | |
r-patched-linux-x86_64 | 0.1-13 | 76.26 | 89.05 | 165.31 | NOTE | |
r-release-linux-x86_64 | 0.1-13 | 71.31 | 89.50 | 160.81 | NOTE | |
r-release-macos-arm64 | 0.1-13 | 68.00 | NOTE | |||
r-release-macos-x86_64 | 0.1-13 | 104.00 | NOTE | |||
r-release-windows-x86_64 | 0.1-13 | 84.00 | 115.00 | 199.00 | NOTE | |
r-oldrel-macos-arm64 | 0.1-13 | 80.00 | NOTE | |||
r-oldrel-macos-x86_64 | 0.1-13 | 140.00 | NOTE | |||
r-oldrel-windows-x86_64 | 0.1-13 | 100.00 | 146.00 | 246.00 | NOTE |
Version: 0.1-13
Check: C++ specification
Result: NOTE
Specified C++11: please drop specification unless essential
Flavors: r-devel-linux-x86_64-debian-clang, r-devel-linux-x86_64-debian-gcc, r-devel-linux-x86_64-fedora-clang, r-devel-linux-x86_64-fedora-gcc, r-devel-macos-arm64, r-devel-macos-x86_64, r-devel-windows-x86_64, r-patched-linux-x86_64, r-release-linux-x86_64, r-release-macos-arm64, r-release-macos-x86_64, r-release-windows-x86_64, r-oldrel-macos-arm64, r-oldrel-macos-x86_64, r-oldrel-windows-x86_64
Version: 0.1-13
Check: Rd files
Result: NOTE
checkRd: (-1) mrrr.Rd:67: Lost braces in \itemize; meant \describe ?
checkRd: (-1) mrrr.Rd:68: Lost braces in \itemize; meant \describe ?
checkRd: (-1) mrrr.Rd:69-70: Lost braces in \itemize; meant \describe ?
checkRd: (-1) mrrr.Rd:71-72: Lost braces in \itemize; meant \describe ?
checkRd: (-1) mrrr.Rd:73: Lost braces in \itemize; meant \describe ?
checkRd: (-1) mrrr.Rd:74: Lost braces in \itemize; meant \describe ?
Flavors: r-devel-linux-x86_64-debian-clang, r-devel-linux-x86_64-debian-gcc, r-devel-linux-x86_64-fedora-clang, r-devel-linux-x86_64-fedora-gcc, r-devel-macos-arm64, r-devel-macos-x86_64, r-devel-windows-x86_64, r-patched-linux-x86_64, r-release-linux-x86_64, r-release-macos-arm64, r-release-macos-x86_64, r-release-windows-x86_64