Last updated on 2025-11-27 07:49:56 CET.
| Flavor | Version | Tinstall | Tcheck | Ttotal | Status | Flags |
|---|---|---|---|---|---|---|
| r-devel-linux-x86_64-debian-clang | 2.11.3 | 0.34 | 3.22 | 3.56 | ERROR | |
| r-devel-linux-x86_64-debian-gcc | 2.11.3 | 0.31 | 2.53 | 2.84 | ERROR | |
| r-devel-linux-x86_64-fedora-clang | 2.11.3 | 92.00 | 477.75 | 569.75 | NOTE | |
| r-devel-linux-x86_64-fedora-gcc | 2.11.3 | 132.00 | 453.66 | 585.66 | NOTE | |
| r-devel-windows-x86_64 | 2.11.3 | 41.00 | 269.00 | 310.00 | OK | |
| r-patched-linux-x86_64 | 2.11.3 | 0.20 | 1.84 | 2.04 | ERROR | |
| r-release-linux-x86_64 | 2.11.3 | 33.58 | 305.57 | 339.15 | OK | |
| r-release-macos-arm64 | 2.11.3 | OK | ||||
| r-release-macos-x86_64 | 2.11.3 | 9.00 | 99.00 | 108.00 | OK | |
| r-release-windows-x86_64 | 2.11.3 | 36.00 | 572120.00 | 572156.00 | OK | |
| r-oldrel-macos-arm64 | 2.11.3 | OK | ||||
| r-oldrel-macos-x86_64 | 2.11.3 | 12.00 | 122.00 | 134.00 | OK | |
| r-oldrel-windows-x86_64 | 2.11.3 | 51.00 | 365.00 | 416.00 | OK |
Version: 2.11.3
Check: package dependencies
Result: ERROR
Package required but not available: ‘mapedit’
See section ‘The DESCRIPTION file’ in the ‘Writing R Extensions’
manual.
Flavors: r-devel-linux-x86_64-debian-clang, r-devel-linux-x86_64-debian-gcc, r-patched-linux-x86_64
Version: 2.11.3
Check: dependencies in R code
Result: NOTE
Namespace in Imports field not imported from: ‘memoise’
All declared Imports should be used.
Flavors: r-devel-linux-x86_64-fedora-clang, r-devel-linux-x86_64-fedora-gcc