Last updated on 2024-05-11 07:51:41 CEST.
Flavor | Version | Tinstall | Tcheck | Ttotal | Status | Flags |
---|---|---|---|---|---|---|
r-devel-linux-x86_64-debian-clang | 0.2.3 | 2.79 | 25.13 | 27.92 | NOTE | |
r-devel-linux-x86_64-debian-gcc | 0.2.3 | 1.78 | 19.42 | 21.20 | NOTE | |
r-devel-linux-x86_64-fedora-clang | 0.2.3 | 34.62 | NOTE | |||
r-devel-linux-x86_64-fedora-gcc | 0.2.3 | 38.58 | NOTE | |||
r-devel-windows-x86_64 | 0.2.3 | 3.00 | 42.00 | 45.00 | NOTE | |
r-patched-linux-x86_64 | 0.2.3 | 1.90 | 24.29 | 26.19 | NOTE | |
r-release-linux-x86_64 | 0.2.3 | 2.44 | 24.31 | 26.75 | NOTE | |
r-release-macos-arm64 | 0.2.3 | 14.00 | NOTE | |||
r-release-windows-x86_64 | 0.2.3 | 3.00 | 42.00 | 45.00 | NOTE | |
r-oldrel-macos-arm64 | 0.2.3 | 14.00 | NOTE | |||
r-oldrel-macos-x86_64 | 0.2.3 | 19.00 | NOTE | |||
r-oldrel-windows-x86_64 | 0.2.3 | 3.00 | 42.00 | 45.00 | NOTE |
Version: 0.2.3
Check: LazyData
Result: NOTE
'LazyData' is specified without a 'data' directory
Flavors: r-devel-linux-x86_64-debian-clang, r-devel-linux-x86_64-debian-gcc, r-devel-linux-x86_64-fedora-clang, r-devel-linux-x86_64-fedora-gcc, r-devel-windows-x86_64, r-patched-linux-x86_64, r-release-linux-x86_64, r-release-macos-arm64, r-release-windows-x86_64, r-oldrel-macos-arm64, r-oldrel-macos-x86_64, r-oldrel-windows-x86_64