Last updated on 2025-07-01 07:50:22 CEST.
Flavor | Version | Tinstall | Tcheck | Ttotal | Status | Flags |
---|---|---|---|---|---|---|
r-devel-linux-x86_64-debian-clang | 0.4.1 | 2.52 | 174.20 | 176.72 | OK | |
r-devel-linux-x86_64-debian-gcc | 0.4.1 | 1.94 | 115.60 | 117.54 | ERROR | |
r-devel-linux-x86_64-fedora-clang | 0.4.1 | 264.39 | OK | |||
r-devel-linux-x86_64-fedora-gcc | 0.4.1 | 275.89 | OK | |||
r-devel-windows-x86_64 | 0.4.1 | 6.00 | 307.00 | 313.00 | OK | |
r-patched-linux-x86_64 | OK | |||||
r-release-linux-x86_64 | 0.4.1 | 1.96 | 170.92 | 172.88 | OK | |
r-release-macos-arm64 | 0.4.1 | 260.00 | OK | |||
r-release-macos-x86_64 | 0.4.1 | 461.00 | OK | |||
r-release-windows-x86_64 | 0.4.1 | 4.00 | 317.00 | 321.00 | OK | |
r-oldrel-macos-arm64 | 0.4.1 | 106.00 | OK | |||
r-oldrel-macos-x86_64 | 0.4.1 | 219.00 | OK | |||
r-oldrel-windows-x86_64 | 0.4.1 | 6.00 | 279.00 | 285.00 | OK |
Version: 0.4.1
Check: re-building of vignette outputs
Result: ERROR
Error(s) in re-building vignettes:
...
--- re-building ‘BadCoordinateID.Rmd’ using rmarkdown
--- finished re-building ‘BadCoordinateID.Rmd’
--- re-building ‘BasicUsage.Rmd’ using rmarkdown
--- finished re-building ‘BasicUsage.Rmd’
--- re-building ‘Fields.Rmd’ using rmarkdown
--- finished re-building ‘Fields.Rmd’
--- re-building ‘FindTissue.Rmd’ using rmarkdown
[WARNING] Div at FindTissue.knit.md line 173 column 1 unclosed at FindTissue.knit.md line 8381 column 1, closing implicitly.
--- finished re-building ‘FindTissue.Rmd’
--- re-building ‘IDDataFlags.Rmd’ using rmarkdown
Quitting from IDDataFlags.Rmd:57-90 [unnamed-chunk-3]
~~~~~~~~~~~~~~~~~~~~~~~~~~~~~~~~~~~~~~~~~~~~~~~~~~~~~~~~~~~~~~~~~~~~~~~~~~~~~~~~
<error/rlang_error>
Error in `as.environment()`:
! using 'as.environment(NULL)' is defunct
---
Backtrace:
▆
1. ├─... %>% ...
2. ├─dplyr::select(...)
3. ├─dplyr::rename(...)
4. └─ridigbio::idig_search_records(...)
5. └─ridigbio::idig_search(...)
6. ├─plyr::rbind.fill(dat, fmt_search_txt_to_df(search_results, fields))
7. └─ridigbio:::fmt_search_txt_to_df(search_results, fields)
8. └─base::exists("items", httr::content(txt))
~~~~~~~~~~~~~~~~~~~~~~~~~~~~~~~~~~~~~~~~~~~~~~~~~~~~~~~~~~~~~~~~~~~~~~~~~~~~~~~~
Error: processing vignette 'IDDataFlags.Rmd' failed with diagnostics:
using 'as.environment(NULL)' is defunct
--- failed re-building ‘IDDataFlags.Rmd’
--- re-building ‘MediaAPIDemo.Rmd’ using rmarkdown
--- finished re-building ‘MediaAPIDemo.Rmd’
--- re-building ‘ModifiedDataID.Rmd’ using rmarkdown
--- finished re-building ‘ModifiedDataID.Rmd’
--- re-building ‘RecordAPIDemo.Rmd’ using rmarkdown
[WARNING] Div at RecordAPIDemo.knit.md line 200 column 1 unclosed at RecordAPIDemo.knit.md line 12004 column 1, closing implicitly.
--- finished re-building ‘RecordAPIDemo.Rmd’
--- re-building ‘ridigbio.Rmd’ using rmarkdown
--- finished re-building ‘ridigbio.Rmd’
SUMMARY: processing the following file failed:
‘IDDataFlags.Rmd’
Error: Vignette re-building failed.
Execution halted
Flavor: r-devel-linux-x86_64-debian-gcc