Last updated on 2025-11-03 07:48:50 CET.
| Flavor | Version | Tinstall | Tcheck | Ttotal | Status | Flags | 
|---|---|---|---|---|---|---|
| r-devel-linux-x86_64-debian-clang | 1.3 | 3.65 | 34.91 | 38.56 | NOTE | |
| r-devel-linux-x86_64-debian-gcc | 1.3 | 2.75 | 27.30 | 30.05 | NOTE | |
| r-devel-linux-x86_64-fedora-clang | 1.3 | 58.15 | OK | |||
| r-devel-linux-x86_64-fedora-gcc | 1.3 | 20.00 | 37.88 | 57.88 | OK | |
| r-devel-windows-x86_64 | 1.3 | 6.00 | 52.00 | 58.00 | OK | |
| r-patched-linux-x86_64 | 1.3 | 3.52 | 32.79 | 36.31 | OK | |
| r-release-linux-x86_64 | 1.3 | 3.47 | 33.25 | 36.72 | OK | |
| r-release-macos-arm64 | 1.3 | 2.00 | 18.00 | 20.00 | OK | |
| r-release-macos-x86_64 | 1.3 | 3.00 | 30.00 | 33.00 | OK | |
| r-release-windows-x86_64 | 1.3 | 6.00 | 51.00 | 57.00 | OK | |
| r-oldrel-macos-arm64 | 1.3 | 2.00 | 17.00 | 19.00 | OK | |
| r-oldrel-macos-x86_64 | 1.3 | 3.00 | 24.00 | 27.00 | OK | |
| r-oldrel-windows-x86_64 | 1.3 | 7.00 | 61.00 | 68.00 | OK | 
Version: 1.3
Check: CRAN incoming feasibility
Result: NOTE
  Maintainer: ‘Danail Obreschkow <danail.obreschkow@gmail.com>’
  
  No Authors@R field in DESCRIPTION.
  Please add one, modifying
    Authors@R: person(given = "Danail",
                      family = "Obreschkow",
                      role = c("aut", "cre"),
                      email = "danail.obreschkow@gmail.com")
  as necessary.
Flavors: r-devel-linux-x86_64-debian-clang, r-devel-linux-x86_64-debian-gcc