Last updated on 2025-07-03 07:50:46 CEST.
Flavor | Version | Tinstall | Tcheck | Ttotal | Status | Flags |
---|---|---|---|---|---|---|
r-devel-linux-x86_64-debian-clang | 1.0.6 | 23.64 | 372.09 | 395.73 | NOTE | |
r-devel-linux-x86_64-debian-gcc | 1.1.0 | 15.40 | 318.54 | 333.94 | OK | |
r-devel-linux-x86_64-fedora-clang | 1.1.1 | 810.42 | OK | |||
r-devel-linux-x86_64-fedora-gcc | 1.1.1 | 497.52 | OK | |||
r-devel-windows-x86_64 | 1.1.1 | 23.00 | 374.00 | 397.00 | OK | |
r-patched-linux-x86_64 | 1.1.0 | 23.83 | 472.81 | 496.64 | OK | |
r-release-linux-x86_64 | 1.0.6 | 21.15 | 357.55 | 378.70 | NOTE | |
r-release-macos-arm64 | 1.0.6 | 158.00 | OK | |||
r-release-macos-x86_64 | 1.1.1 | 615.00 | OK | |||
r-release-windows-x86_64 | 1.0.6 | 23.00 | 330.00 | 353.00 | NOTE | |
r-oldrel-macos-arm64 | 1.0.6 | 145.00 | NOTE | |||
r-oldrel-macos-x86_64 | 1.1.1 | 606.00 | OK | |||
r-oldrel-windows-x86_64 | 1.1.0 | 23.00 | 432.00 | 455.00 | OK |
Version: 1.0.6
Check: Rd cross-references
Result: NOTE
Found the following Rd file(s) with Rd \link{} targets missing package
anchors:
invert_vector.Rd: SpatExtent
Please provide package anchors for all Rd \link{} targets not in the
package itself and the base packages.
Flavors: r-devel-linux-x86_64-debian-clang, r-release-linux-x86_64, r-release-windows-x86_64
Version: 1.0.6
Check: installed package size
Result: NOTE
installed size is 5.1Mb
sub-directories of 1Mb or more:
extdata 1.3Mb
java 2.9Mb
Flavor: r-oldrel-macos-arm64