Last updated on 2024-07-26 07:52:00 CEST.
Flavor | Version | Tinstall | Tcheck | Ttotal | Status | Flags |
---|---|---|---|---|---|---|
r-devel-linux-x86_64-debian-clang | 1.0.6 | 26.20 | 465.04 | 491.24 | OK | |
r-devel-linux-x86_64-debian-gcc | 1.0.6 | 21.84 | 338.60 | 360.44 | NOTE | |
r-devel-linux-x86_64-fedora-clang | 1.0.6 | 606.26 | NOTE | |||
r-devel-linux-x86_64-fedora-gcc | 1.0.6 | 596.51 | OK | |||
r-devel-windows-x86_64 | 1.0.6 | 22.00 | 321.00 | 343.00 | NOTE | |
r-patched-linux-x86_64 | 1.0.6 | OK | ||||
r-release-linux-x86_64 | 1.0.6 | 26.58 | 450.92 | 477.50 | OK | |
r-release-macos-arm64 | 1.0.6 | 145.00 | NOTE | |||
r-release-macos-x86_64 | 1.0.6 | 252.00 | NOTE | |||
r-release-windows-x86_64 | 1.0.6 | 22.00 | 325.00 | 347.00 | NOTE | |
r-oldrel-macos-arm64 | 1.0.6 | 165.00 | NOTE | |||
r-oldrel-macos-x86_64 | 1.0.6 | 418.00 | NOTE | |||
r-oldrel-windows-x86_64 | 1.0.6 | 30.00 | 398.00 | 428.00 | NOTE |
Version: 1.0.6
Check: Rd cross-references
Result: NOTE
Found the following Rd file(s) with Rd \link{} targets missing package
anchors:
invert_vector.Rd: SpatExtent
Please provide package anchors for all Rd \link{} targets not in the
package itself and the base packages.
Flavors: r-devel-linux-x86_64-debian-gcc, r-devel-windows-x86_64
Version: 1.0.6
Check: installed package size
Result: NOTE
installed size is 5.2Mb
sub-directories of 1Mb or more:
extdata 1.3Mb
java 2.9Mb
Flavors: r-devel-linux-x86_64-fedora-clang, r-devel-windows-x86_64, r-release-macos-arm64, r-release-macos-x86_64, r-release-windows-x86_64, r-oldrel-macos-arm64, r-oldrel-macos-x86_64, r-oldrel-windows-x86_64