Last updated on 2025-06-30 07:49:29 CEST.
Flavor | Version | Tinstall | Tcheck | Ttotal | Status | Flags |
---|---|---|---|---|---|---|
r-devel-linux-x86_64-debian-clang | 1.0.4 | 78.55 | 267.44 | 345.99 | OK | |
r-devel-linux-x86_64-debian-gcc | 1.0.4 | 61.39 | 199.40 | 260.79 | OK | |
r-devel-linux-x86_64-fedora-clang | 1.0.4 | 573.82 | OK | |||
r-devel-linux-x86_64-fedora-gcc | 1.0.4 | 601.02 | OK | |||
r-devel-windows-x86_64 | 1.0.4 | 87.00 | 310.00 | 397.00 | OK | |
r-patched-linux-x86_64 | OK | |||||
r-release-linux-x86_64 | 1.0.4 | 87.59 | 283.85 | 371.44 | OK | |
r-release-macos-arm64 | 1.0.4 | 201.00 | OK | |||
r-release-macos-x86_64 | 1.0.4 | 360.00 | OK | |||
r-release-windows-x86_64 | 1.0.4 | 87.00 | 309.00 | 396.00 | OK | |
r-oldrel-macos-arm64 | 1.0.4 | 181.00 | NOTE | |||
r-oldrel-macos-x86_64 | 1.0.4 | 279.00 | NOTE | |||
r-oldrel-windows-x86_64 | 1.0.4 | 101.00 | 393.00 | 494.00 | OK |
Version: 1.0.4
Check: installed package size
Result: NOTE
installed size is 25.2Mb
sub-directories of 1Mb or more:
libs 23.8Mb
Flavors: r-oldrel-macos-arm64, r-oldrel-macos-x86_64