CRAN Package Check Results for Package remedy

Last updated on 2025-02-19 07:53:56 CET.

Flavor Version Tinstall Tcheck Ttotal Status Flags
r-devel-linux-x86_64-debian-clang 0.1.0 4.60 40.42 45.02 OK
r-devel-linux-x86_64-debian-gcc 0.1.0 2.99 30.29 33.28 OK
r-devel-linux-x86_64-fedora-clang 0.1.0 73.19 OK
r-devel-linux-x86_64-fedora-gcc 0.1.0 82.00 OK
r-devel-macos-arm64 0.1.0 35.00 OK
r-devel-macos-x86_64 0.1.0 64.00 OK
r-devel-windows-x86_64 0.1.0 6.00 65.00 71.00 OK
r-patched-linux-x86_64 0.1.0 4.23 37.76 41.99 NOTE
r-release-linux-x86_64 0.1.0 3.46 37.73 41.19 NOTE
r-release-macos-arm64 0.1.0 30.00 NOTE
r-release-macos-x86_64 0.1.0 45.00 NOTE
r-release-windows-x86_64 0.1.0 6.00 64.00 70.00 NOTE
r-oldrel-macos-arm64 0.1.0 32.00 NOTE
r-oldrel-macos-x86_64 0.1.0 47.00 NOTE
r-oldrel-windows-x86_64 0.1.0 7.00 72.00 79.00 NOTE

Check Details

Version: 0.1.0
Check: LazyData
Result: NOTE 'LazyData' is specified without a 'data' directory Flavors: r-patched-linux-x86_64, r-release-linux-x86_64, r-release-macos-arm64, r-release-macos-x86_64, r-release-windows-x86_64, r-oldrel-macos-arm64, r-oldrel-macos-x86_64, r-oldrel-windows-x86_64