Last updated on 2025-02-06 07:50:44 CET.
Flavor | Version | Tinstall | Tcheck | Ttotal | Status | Flags |
---|---|---|---|---|---|---|
r-devel-linux-x86_64-debian-clang | 1.0.1 | 10.59 | 190.58 | 201.17 | OK | |
r-devel-linux-x86_64-debian-gcc | 1.0.1 | 6.69 | 130.84 | 137.53 | OK | |
r-devel-linux-x86_64-fedora-clang | 1.0.1 | 321.52 | NOTE | |||
r-devel-linux-x86_64-fedora-gcc | 1.0.1 | 326.85 | NOTE | |||
r-devel-windows-x86_64 | 1.0.1 | 11.00 | 198.00 | 209.00 | OK | |
r-patched-linux-x86_64 | 1.0.1 | 10.30 | 174.74 | 185.04 | OK | |
r-release-linux-x86_64 | 1.0.1 | 7.37 | 177.13 | 184.50 | OK | |
r-release-macos-arm64 | 1.0.1 | 114.00 | OK | |||
r-release-macos-x86_64 | 1.0.1 | 188.00 | OK | |||
r-release-windows-x86_64 | 1.0.1 | 10.00 | 192.00 | 202.00 | OK | |
r-oldrel-macos-arm64 | 1.0.1 | 104.00 | OK | |||
r-oldrel-macos-x86_64 | 1.0.1 | 212.00 | OK | |||
r-oldrel-windows-x86_64 | 1.0.1 | 13.00 | 239.00 | 252.00 | OK |
Version: 1.0.1
Check: dependencies in R code
Result: NOTE
Namespace in Imports field not imported from: ‘Deriv’
All declared Imports should be used.
Flavors: r-devel-linux-x86_64-fedora-clang, r-devel-linux-x86_64-fedora-gcc