Last updated on 2025-02-19 07:53:56 CET.
Flavor | Version | Tinstall | Tcheck | Ttotal | Status | Flags |
---|---|---|---|---|---|---|
r-devel-linux-x86_64-debian-clang | 0.5 | 2.82 | 47.54 | 50.36 | OK | |
r-devel-linux-x86_64-debian-gcc | 0.5 | 2.70 | 34.49 | 37.19 | OK | |
r-devel-linux-x86_64-fedora-clang | 0.5 | 87.09 | OK | |||
r-devel-linux-x86_64-fedora-gcc | 0.5 | 81.12 | OK | |||
r-devel-macos-arm64 | 0.5 | 4.00 | ERROR | |||
r-devel-macos-x86_64 | 0.5 | 5.00 | ERROR | |||
r-devel-windows-x86_64 | 0.5 | 4.00 | 68.00 | 72.00 | OK | |
r-patched-linux-x86_64 | 0.5 | 2.75 | 45.77 | 48.52 | OK | |
r-release-linux-x86_64 | 0.5 | 2.57 | 45.48 | 48.05 | OK | |
r-release-macos-arm64 | 0.5 | 9.00 | ERROR | |||
r-release-macos-x86_64 | 0.5 | 13.00 | ERROR | |||
r-release-windows-x86_64 | 0.5 | 4.00 | 68.00 | 72.00 | OK | |
r-oldrel-macos-arm64 | 0.5 | 10.00 | ERROR | |||
r-oldrel-macos-x86_64 | 0.5 | 12.00 | ERROR | |||
r-oldrel-windows-x86_64 | 0.5 | 5.00 | 69.00 | 74.00 | OK |
Version: 0.5
Check: package dependencies
Result: ERROR
Package required but not available: ‘Rmpi’
See section ‘The DESCRIPTION file’ in the ‘Writing R Extensions’
manual.
Flavors: r-devel-macos-arm64, r-devel-macos-x86_64, r-release-macos-arm64, r-release-macos-x86_64, r-oldrel-macos-arm64, r-oldrel-macos-x86_64