Last updated on 2025-11-02 07:50:18 CET.
| Flavor | Version | Tinstall | Tcheck | Ttotal | Status | Flags |
|---|---|---|---|---|---|---|
| r-devel-linux-x86_64-debian-clang | 0.5.6 | 37.75 | 95.07 | 132.82 | OK | |
| r-devel-linux-x86_64-debian-gcc | 0.5.6 | 27.65 | 65.96 | 93.61 | OK | |
| r-devel-linux-x86_64-fedora-clang | 0.5.6 | 79.00 | 150.78 | 229.78 | OK | |
| r-devel-linux-x86_64-fedora-gcc | 0.5.6 | 61.00 | 166.50 | 227.50 | OK | |
| r-devel-windows-x86_64 | 0.5.6 | 50.00 | 124.00 | 174.00 | OK | |
| r-patched-linux-x86_64 | 0.5.6 | 40.81 | 91.13 | 131.94 | OK | |
| r-release-linux-x86_64 | 0.5.6 | 42.10 | 84.54 | 126.64 | OK | |
| r-release-macos-arm64 | 0.5.6 | 15.00 | 44.00 | 59.00 | OK | |
| r-release-macos-x86_64 | 0.5.6 | 31.00 | 106.00 | 137.00 | OK | |
| r-release-windows-x86_64 | 0.5.6 | 47.00 | 123.00 | 170.00 | OK | |
| r-oldrel-macos-arm64 | 0.5.6 | 15.00 | 48.00 | 63.00 | NOTE | |
| r-oldrel-macos-x86_64 | 0.5.6 | 29.00 | 96.00 | 125.00 | NOTE | |
| r-oldrel-windows-x86_64 | 0.5.6 | 61.00 | 155.00 | 216.00 | NOTE |
Version: 0.5.6
Check: installed package size
Result: NOTE
installed size is 7.1Mb
sub-directories of 1Mb or more:
doc 3.4Mb
libs 3.1Mb
Flavors: r-oldrel-macos-arm64, r-oldrel-macos-x86_64, r-oldrel-windows-x86_64