Last updated on 2025-02-17 07:50:44 CET.
Flavor | Version | Tinstall | Tcheck | Ttotal | Status | Flags |
---|---|---|---|---|---|---|
r-devel-linux-x86_64-debian-clang | 0.1.0 | 4.39 | 166.45 | 170.84 | OK | |
r-devel-linux-x86_64-debian-gcc | 0.1.0 | 3.15 | 114.13 | 117.28 | OK | |
r-devel-linux-x86_64-fedora-clang | 0.1.0 | 298.37 | OK | |||
r-devel-linux-x86_64-fedora-gcc | 0.1.0 | 285.21 | OK | |||
r-devel-macos-arm64 | 0.1.0 | 97.00 | OK | |||
r-devel-macos-x86_64 | 0.1.0 | 204.00 | OK | |||
r-devel-windows-x86_64 | 0.1.0 | 7.00 | 167.00 | 174.00 | ERROR | |
r-patched-linux-x86_64 | 0.1.0 | 5.68 | 158.32 | 164.00 | OK | |
r-release-linux-x86_64 | 0.1.0 | 3.22 | 155.41 | 158.63 | OK | |
r-release-macos-arm64 | 0.1.0 | 95.00 | OK | |||
r-release-macos-x86_64 | 0.1.0 | 143.00 | OK | |||
r-release-windows-x86_64 | 0.1.0 | 8.00 | 177.00 | 185.00 | ERROR | |
r-oldrel-macos-arm64 | 0.1.0 | 79.00 | OK | |||
r-oldrel-macos-x86_64 | 0.1.0 | 136.00 | OK | |||
r-oldrel-windows-x86_64 | 0.1.0 | 8.00 | 186.00 | 194.00 | ERROR |
Version: 0.1.0
Check: re-building of vignette outputs
Result: ERROR
Error(s) in re-building vignettes:
--- re-building 'Introduction.Rmd' using rmarkdown
--- finished re-building 'Introduction.Rmd'
--- re-building 'step00_prep.Rmd' using rmarkdown
--- finished re-building 'step00_prep.Rmd'
--- re-building 'step01_loading.Rmd' using rmarkdown
--- finished re-building 'step01_loading.Rmd'
--- re-building 'step02_initial_cluster.Rmd' using rmarkdown
--- finished re-building 'step02_initial_cluster.Rmd'
--- re-building 'step03_refinement.Rmd' using rmarkdown
--- finished re-building 'step03_refinement.Rmd'
--- re-building 'step04_manual_tweak.Rmd' using rmarkdown
--- re-building 'step05_visualization_export.Rmd' using rmarkdown
--- finished re-building 'step05_visualization_export.Rmd'
SUMMARY: processing the following file failed:
'step04_manual_tweak.Rmd'
Error: Vignette re-building failed.
Execution halted
Flavors: r-devel-windows-x86_64, r-release-windows-x86_64, r-oldrel-windows-x86_64