Last updated on 2024-05-11 07:51:40 CEST.
Flavor | Version | Tinstall | Tcheck | Ttotal | Status | Flags |
---|---|---|---|---|---|---|
r-devel-linux-x86_64-debian-clang | 0.0.5 | 160.98 | 34.94 | 195.92 | NOTE | |
r-devel-linux-x86_64-debian-gcc | 0.0.5 | 124.05 | 25.40 | 149.45 | NOTE | |
r-devel-linux-x86_64-fedora-clang | 0.0.5 | 304.39 | NOTE | |||
r-devel-linux-x86_64-fedora-gcc | 0.0.5 | 346.75 | NOTE | |||
r-devel-windows-x86_64 | 0.0.5 | 121.00 | 70.00 | 191.00 | NOTE | |
r-patched-linux-x86_64 | 0.0.5 | 153.35 | 32.68 | 186.03 | NOTE | |
r-release-linux-x86_64 | 0.0.5 | 162.28 | 32.40 | 194.68 | NOTE | |
r-release-macos-arm64 | 0.0.5 | 49.00 | NOTE | |||
r-release-windows-x86_64 | 0.0.5 | 121.00 | 66.00 | 187.00 | NOTE | |
r-oldrel-macos-arm64 | 0.0.5 | 59.00 | NOTE | |||
r-oldrel-macos-x86_64 | 0.0.5 | 108.00 | NOTE | |||
r-oldrel-windows-x86_64 | 0.0.5 | 152.00 | 73.00 | 225.00 | NOTE |
Version: 0.0.5
Check: Rd files
Result: NOTE
checkRd: (-1) farthest_point_sampling.Rd:28: Lost braces; missing escapes or markup?
28 | space P = {p_1, ..., p_k}, such that each p_i is the farthest
| ^
Flavors: r-devel-linux-x86_64-debian-clang, r-devel-linux-x86_64-debian-gcc, r-devel-linux-x86_64-fedora-clang, r-devel-linux-x86_64-fedora-gcc, r-devel-windows-x86_64, r-patched-linux-x86_64, r-release-linux-x86_64, r-release-macos-arm64, r-release-windows-x86_64
Version: 0.0.5
Check: LazyData
Result: NOTE
'LazyData' is specified without a 'data' directory
Flavors: r-devel-linux-x86_64-debian-clang, r-devel-linux-x86_64-debian-gcc, r-devel-linux-x86_64-fedora-clang, r-devel-linux-x86_64-fedora-gcc, r-devel-windows-x86_64, r-patched-linux-x86_64, r-release-linux-x86_64, r-release-macos-arm64, r-release-windows-x86_64, r-oldrel-macos-arm64, r-oldrel-macos-x86_64, r-oldrel-windows-x86_64