Last updated on 2025-02-11 07:48:33 CET.
Flavor | Version | Tinstall | Tcheck | Ttotal | Status | Flags |
---|---|---|---|---|---|---|
r-devel-linux-x86_64-debian-clang | 1.0.0 | 1.78 | 24.03 | 25.81 | NOTE | |
r-devel-linux-x86_64-debian-gcc | 1.0.0 | 1.37 | 18.50 | 19.87 | NOTE | |
r-devel-linux-x86_64-fedora-clang | 1.0.0 | 42.60 | NOTE | |||
r-devel-linux-x86_64-fedora-gcc | 1.0.0 | 39.80 | NOTE | |||
r-devel-windows-x86_64 | 1.0.0 | 2.00 | 57.00 | 59.00 | OK | |
r-patched-linux-x86_64 | 1.0.0 | 1.79 | 22.03 | 23.82 | NOTE | |
r-release-linux-x86_64 | 1.0.0 | 1.62 | 21.74 | 23.36 | NOTE | |
r-release-macos-arm64 | 1.0.0 | 17.00 | NOTE | |||
r-release-macos-x86_64 | 1.0.0 | 23.00 | NOTE | |||
r-release-windows-x86_64 | 1.0.0 | 2.00 | 41.00 | 43.00 | NOTE | |
r-oldrel-macos-arm64 | 1.0.0 | 16.00 | NOTE | |||
r-oldrel-macos-x86_64 | 1.0.0 | 24.00 | NOTE | |||
r-oldrel-windows-x86_64 | 1.0.0 | 3.00 | 43.00 | 46.00 | NOTE |
Version: 1.0.0
Check: for non-standard things in the check directory
Result: NOTE
Found the following files/directories:
‘temp.RData’
Flavors: r-devel-linux-x86_64-debian-clang, r-devel-linux-x86_64-debian-gcc, r-devel-linux-x86_64-fedora-clang, r-devel-linux-x86_64-fedora-gcc, r-patched-linux-x86_64, r-release-linux-x86_64
Version: 1.0.0
Check: LazyData
Result: NOTE
'LazyData' is specified without a 'data' directory
Flavors: r-patched-linux-x86_64, r-release-linux-x86_64, r-release-macos-arm64, r-release-macos-x86_64, r-release-windows-x86_64, r-oldrel-macos-arm64, r-oldrel-macos-x86_64, r-oldrel-windows-x86_64