Last updated on 2025-02-19 07:53:56 CET.
Flavor | Version | Tinstall | Tcheck | Ttotal | Status | Flags |
---|---|---|---|---|---|---|
r-devel-linux-x86_64-debian-clang | 2021-11-25 | 6.67 | 64.65 | 71.32 | NOTE | |
r-devel-linux-x86_64-debian-gcc | 2021-11-25 | 4.68 | 48.06 | 52.74 | NOTE | |
r-devel-linux-x86_64-fedora-clang | 2021-11-25 | 120.62 | OK | |||
r-devel-linux-x86_64-fedora-gcc | 2021-11-25 | 104.23 | OK | |||
r-devel-macos-arm64 | 2021-11-25 | 38.00 | OK | |||
r-devel-macos-x86_64 | 2021-11-25 | 77.00 | OK | |||
r-devel-windows-x86_64 | 2021-11-25 | 8.00 | 77.00 | 85.00 | NOTE | |
r-patched-linux-x86_64 | 2021-11-25 | 9.07 | 60.78 | 69.85 | OK | |
r-release-linux-x86_64 | 2021-11-25 | 6.50 | 60.75 | 67.25 | OK | |
r-release-macos-arm64 | 2021-11-25 | 35.00 | OK | |||
r-release-macos-x86_64 | 2021-11-25 | 81.00 | OK | |||
r-release-windows-x86_64 | 2021-11-25 | 8.00 | 76.00 | 84.00 | OK | |
r-oldrel-macos-arm64 | 2021-11-25 | 37.00 | OK | |||
r-oldrel-macos-x86_64 | 2021-11-25 | 61.00 | OK | |||
r-oldrel-windows-x86_64 | 2021-11-25 | 10.00 | 91.00 | 101.00 | OK |
Version: 2021-11-25
Check: Rd cross-references
Result: NOTE
Found the following Rd file(s) with Rd \link{} targets missing package
anchors:
rdt.Rd: IndependenceTest-class
Please provide package anchors for all Rd \link{} targets not in the
package itself and the base packages.
Flavors: r-devel-linux-x86_64-debian-clang, r-devel-linux-x86_64-debian-gcc, r-devel-windows-x86_64