Last updated on 2024-05-09 07:56:56 CEST.
Flavor | Version | Tinstall | Tcheck | Ttotal | Status | Flags |
---|---|---|---|---|---|---|
r-devel-linux-x86_64-debian-clang | 0.10.1 | 8.28 | 298.56 | 306.84 | NOTE | |
r-devel-linux-x86_64-debian-gcc | 0.10.1 | 7.56 | 206.63 | 214.19 | NOTE | |
r-devel-linux-x86_64-fedora-clang | 0.10.1 | 352.17 | NOTE | |||
r-devel-linux-x86_64-fedora-gcc | 0.10.1 | 400.62 | NOTE | |||
r-devel-windows-x86_64 | 0.10.1 | 9.00 | 187.00 | 196.00 | NOTE | |
r-patched-linux-x86_64 | 0.10.1 | 8.67 | 268.53 | 277.20 | NOTE | |
r-release-linux-x86_64 | 0.10.1 | 7.04 | 269.06 | 276.10 | NOTE | |
r-release-macos-arm64 | 0.10.1 | 93.00 | NOTE | |||
r-release-windows-x86_64 | 0.10.1 | 9.00 | 197.00 | 206.00 | NOTE | |
r-oldrel-macos-arm64 | 0.10.1 | 103.00 | NOTE | |||
r-oldrel-macos-x86_64 | 0.10.1 | 180.00 | NOTE | |||
r-oldrel-windows-x86_64 | 0.10.1 | 12.00 | 250.00 | 262.00 | NOTE |
Version: 0.10.1
Check: LazyData
Result: NOTE
'LazyData' is specified without a 'data' directory
Flavors: r-devel-linux-x86_64-debian-clang, r-devel-linux-x86_64-debian-gcc, r-devel-linux-x86_64-fedora-clang, r-devel-linux-x86_64-fedora-gcc, r-devel-windows-x86_64, r-patched-linux-x86_64, r-release-linux-x86_64, r-release-macos-arm64, r-release-windows-x86_64, r-oldrel-macos-arm64, r-oldrel-macos-x86_64, r-oldrel-windows-x86_64