Last updated on 2024-05-13 07:50:15 CEST.
Flavor | Version | Tinstall | Tcheck | Ttotal | Status | Flags |
---|---|---|---|---|---|---|
r-devel-linux-x86_64-debian-clang | 1.0.0.10 | 104.20 | 54.82 | 159.02 | NOTE | |
r-devel-linux-x86_64-debian-gcc | 1.0.0.10 | 84.27 | 40.95 | 125.22 | NOTE | |
r-devel-linux-x86_64-fedora-clang | 1.0.0.10 | 265.52 | NOTE | |||
r-devel-linux-x86_64-fedora-gcc | 1.0.0.10 | 292.76 | NOTE | |||
r-devel-windows-x86_64 | 1.0.0.10 | 82.00 | 90.00 | 172.00 | NOTE | |
r-patched-linux-x86_64 | 1.0.0.10 | 115.44 | 51.68 | 167.12 | NOTE | |
r-release-linux-x86_64 | 1.0.0.10 | 115.22 | 52.23 | 167.45 | NOTE | |
r-release-macos-arm64 | 1.0.0.10 | 49.00 | NOTE | |||
r-release-macos-x86_64 | 1.0.0.10 | 71.00 | NOTE | |||
r-release-windows-x86_64 | 1.0.0.10 | 82.00 | 89.00 | 171.00 | NOTE | |
r-oldrel-macos-arm64 | 1.0.0.10 | 57.00 | NOTE | |||
r-oldrel-macos-x86_64 | 1.0.0.10 | 80.00 | NOTE | |||
r-oldrel-windows-x86_64 | 1.0.0.10 | 103.00 | 103.00 | 206.00 | NOTE |
Version: 1.0.0.10
Check: C++ specification
Result: NOTE
Specified C++11: please drop specification unless essential
Flavors: r-devel-linux-x86_64-debian-clang, r-devel-linux-x86_64-debian-gcc, r-devel-linux-x86_64-fedora-clang, r-devel-linux-x86_64-fedora-gcc, r-devel-windows-x86_64, r-patched-linux-x86_64, r-release-linux-x86_64, r-release-macos-arm64, r-release-macos-x86_64, r-release-windows-x86_64, r-oldrel-macos-arm64, r-oldrel-macos-x86_64, r-oldrel-windows-x86_64