Last updated on 2025-06-30 07:49:30 CEST.
Flavor | Version | Tinstall | Tcheck | Ttotal | Status | Flags |
---|---|---|---|---|---|---|
r-devel-linux-x86_64-debian-clang | 0.2.5 | 262.63 | 212.37 | 475.00 | OK | |
r-devel-linux-x86_64-debian-gcc | 0.2.5 | 244.58 | 176.40 | 420.98 | OK | |
r-devel-linux-x86_64-fedora-clang | 0.2.5 | 736.23 | NOTE | |||
r-devel-linux-x86_64-fedora-gcc | 0.2.5 | 910.37 | NOTE | |||
r-devel-windows-x86_64 | 0.2.5 | 280.00 | 383.00 | 663.00 | OK | |
r-patched-linux-x86_64 | OK | |||||
r-release-linux-x86_64 | 0.2.5 | 301.03 | 264.35 | 565.38 | OK | |
r-release-macos-arm64 | 0.2.5 | 158.00 | OK | |||
r-release-macos-x86_64 | 0.2.5 | 402.00 | OK | |||
r-release-windows-x86_64 | 0.2.5 | 283.00 | 263.00 | 546.00 | OK | |
r-oldrel-macos-arm64 | 0.2.5 | 175.00 | NOTE | |||
r-oldrel-macos-x86_64 | 0.2.5 | 387.00 | NOTE | |||
r-oldrel-windows-x86_64 | 0.2.5 | 314.00 | 337.00 | 651.00 | NOTE |
Version: 0.2.5
Check: dependencies in R code
Result: NOTE
Namespace in Imports field not imported from: ‘rstantools’
All declared Imports should be used.
Flavors: r-devel-linux-x86_64-fedora-clang, r-devel-linux-x86_64-fedora-gcc
Version: 0.2.5
Check: installed package size
Result: NOTE
installed size is 88.8Mb
sub-directories of 1Mb or more:
libs 87.7Mb
Flavors: r-oldrel-macos-arm64, r-oldrel-macos-x86_64
Version: 0.2.5
Check: for GNU extensions in Makefiles
Result: NOTE
GNU make is a SystemRequirements.
Flavors: r-oldrel-macos-arm64, r-oldrel-macos-x86_64, r-oldrel-windows-x86_64