Last updated on 2025-05-09 07:51:06 CEST.
Flavor | Version | Tinstall | Tcheck | Ttotal | Status | Flags |
---|---|---|---|---|---|---|
r-devel-linux-x86_64-debian-clang | 1.2.2 | 4.72 | 45.70 | 50.42 | NOTE | |
r-devel-linux-x86_64-debian-gcc | 1.2.2 | 2.92 | 35.21 | 38.13 | NOTE | |
r-devel-linux-x86_64-fedora-clang | 1.2.2 | 80.00 | OK | |||
r-devel-linux-x86_64-fedora-gcc | 1.2.2 | 76.48 | OK | |||
r-devel-windows-x86_64 | 1.2.2 | 6.00 | 78.00 | 84.00 | OK | |
r-patched-linux-x86_64 | 1.2.2 | 4.71 | 42.91 | 47.62 | OK | |
r-release-linux-x86_64 | 1.2.2 | 4.22 | 43.01 | 47.23 | OK | |
r-release-macos-arm64 | 1.2.2 | 29.00 | OK | |||
r-release-macos-x86_64 | 1.2.2 | 65.00 | OK | |||
r-release-windows-x86_64 | 1.2.2 | 6.00 | 82.00 | 88.00 | OK | |
r-oldrel-macos-arm64 | 1.2.2 | 26.00 | OK | |||
r-oldrel-macos-x86_64 | 1.2.2 | 63.00 | OK | |||
r-oldrel-windows-x86_64 | 1.2.2 | 6.00 | 77.00 | 83.00 | OK |
Version: 1.2.2
Check: CRAN incoming feasibility
Result: NOTE
Maintainer: ‘Johann R. Kleinbub <johann.kleinbub@gmail.com>’
No Authors@R field in DESCRIPTION.
Please add one, modifying
Authors@R: c(person(given = c("Johann", "R."),
family = "Kleinbub",
role = c("aut", "cre"),
email = "johann.kleinbub@gmail.com"),
person(given = "Fabian",
family = "Ramseyer",
role = "aut"))
as necessary.
Flavors: r-devel-linux-x86_64-debian-clang, r-devel-linux-x86_64-debian-gcc