Last updated on 2025-11-03 07:48:50 CET.
| Flavor | Version | Tinstall | Tcheck | Ttotal | Status | Flags |
|---|---|---|---|---|---|---|
| r-devel-windows-x86_64 | 0.1 | 6.00 | 52.00 | 58.00 | OK | |
| r-release-windows-x86_64 | 0.1 | 7.00 | 50.00 | 57.00 | OK | |
| r-oldrel-windows-x86_64 | 0.1 | 7.00 | 62.00 | 69.00 | NOTE |
Version: 0.1
Check: LazyData
Result: NOTE
'LazyData' is specified without a 'data' directory
Flavor: r-oldrel-windows-x86_64