Last updated on 2025-01-22 07:50:35 CET.
Flavor | Version | Tinstall | Tcheck | Ttotal | Status | Flags |
---|---|---|---|---|---|---|
r-devel-linux-x86_64-debian-clang | 0.0.2 | 4.59 | 132.99 | 137.58 | OK | |
r-devel-linux-x86_64-debian-gcc | 0.0.2 | 3.30 | 82.78 | 86.08 | OK | |
r-devel-linux-x86_64-fedora-clang | 0.0.2 | 228.16 | OK | |||
r-devel-linux-x86_64-fedora-gcc | 0.0.2 | 218.83 | OK | |||
r-devel-windows-x86_64 | 0.0.2 | 7.00 | 144.00 | 151.00 | OK | |
r-patched-linux-x86_64 | 0.0.2 | 5.25 | 128.61 | 133.86 | OK | |
r-release-linux-x86_64 | 0.0.2 | 4.14 | 129.10 | 133.24 | OK | |
r-release-macos-arm64 | 0.0.2 | 67.00 | NOTE | |||
r-release-macos-x86_64 | 0.0.2 | 131.00 | NOTE | |||
r-release-windows-x86_64 | 0.0.2 | 7.00 | 142.00 | 149.00 | NOTE | |
r-oldrel-macos-arm64 | 0.0.2 | 72.00 | NOTE | |||
r-oldrel-macos-x86_64 | 0.0.2 | 115.00 | NOTE | |||
r-oldrel-windows-x86_64 | 0.0.2 | 7.00 | 185.00 | 192.00 | NOTE |
Version: 0.0.2
Check: installed package size
Result: NOTE
installed size is 7.3Mb
sub-directories of 1Mb or more:
doc 5.3Mb
htmlwidgets 1.8Mb
Flavors: r-release-macos-arm64, r-release-macos-x86_64, r-release-windows-x86_64, r-oldrel-macos-arm64, r-oldrel-macos-x86_64, r-oldrel-windows-x86_64