Last updated on 2024-07-26 07:51:59 CEST.
Flavor | Version | Tinstall | Tcheck | Ttotal | Status | Flags |
---|---|---|---|---|---|---|
r-devel-linux-x86_64-debian-clang | 0.6.0 | 28.66 | 215.62 | 244.28 | NOTE | |
r-devel-linux-x86_64-debian-gcc | 0.6.0 | 22.23 | 158.86 | 181.09 | NOTE | |
r-devel-linux-x86_64-fedora-clang | 0.6.0 | 334.76 | NOTE | |||
r-devel-linux-x86_64-fedora-gcc | 0.6.0 | 311.16 | NOTE | |||
r-devel-windows-x86_64 | 0.6.0 | 31.00 | 194.00 | 225.00 | NOTE | |
r-patched-linux-x86_64 | 0.6.0 | NOTE | ||||
r-release-linux-x86_64 | 0.6.0 | 30.14 | 209.30 | 239.44 | NOTE | |
r-release-macos-arm64 | 0.6.0 | 96.00 | OK | |||
r-release-macos-x86_64 | 0.6.0 | 161.00 | OK | |||
r-release-windows-x86_64 | 0.6.0 | 37.00 | 196.00 | 233.00 | NOTE | |
r-oldrel-macos-arm64 | 0.6.0 | 89.00 | OK | |||
r-oldrel-macos-x86_64 | 0.6.0 | 238.00 | OK | |||
r-oldrel-windows-x86_64 | 0.6.0 | 38.00 | 242.00 | 280.00 | OK |
Version: 0.6.0
Check: HTML version of manual
Result: NOTE
Found the following HTML validation problems:
confusion_matrix.html:236:1 (confusion_matrix.Rd:73): Warning: trimming empty <li>
confusion_matrix.html:238:1 (confusion_matrix.Rd:74): Warning: trimming empty <li>
confusion_matrix.html:240:1 (confusion_matrix.Rd:75): Warning: trimming empty <li>
confusion_matrix.html:235:1 (confusion_matrix.Rd:73): Warning: trimming empty <ul>
Flavors: r-devel-linux-x86_64-debian-clang, r-devel-linux-x86_64-debian-gcc, r-devel-linux-x86_64-fedora-clang, r-devel-linux-x86_64-fedora-gcc, r-devel-windows-x86_64, r-patched-linux-x86_64, r-release-linux-x86_64, r-release-windows-x86_64
Version: 0.6.0
Check: Rd cross-references
Result: NOTE
Undeclared packages ‘Hmisc’, ‘htmlTable’ in Rd xrefs
Flavor: r-devel-linux-x86_64-fedora-clang