Last updated on 2025-01-13 07:49:23 CET.
Flavor | Version | Tinstall | Tcheck | Ttotal | Status | Flags |
---|---|---|---|---|---|---|
r-devel-linux-x86_64-debian-clang | 0.0.1 | 9.85 | 82.16 | 92.01 | OK | |
r-devel-linux-x86_64-debian-gcc | 0.0.1 | 8.01 | 59.31 | 67.32 | OK | |
r-devel-linux-x86_64-fedora-clang | 0.0.1 | WARN | ||||
r-devel-linux-x86_64-fedora-gcc | 0.0.1 | 157.54 | OK | |||
r-devel-windows-x86_64 | 0.0.1 | 12.00 | 91.00 | 103.00 | OK | |
r-patched-linux-x86_64 | 0.0.1 | 8.99 | 77.88 | 86.87 | OK | |
r-release-linux-x86_64 | 0.0.1 | 7.84 | 77.97 | 85.81 | OK | |
r-release-macos-arm64 | 0.0.1 | 50.00 | OK | |||
r-release-macos-x86_64 | 0.0.1 | 76.00 | OK | |||
r-release-windows-x86_64 | 0.0.1 | 12.00 | 90.00 | 102.00 | OK | |
r-oldrel-macos-arm64 | 0.0.1 | 53.00 | OK | |||
r-oldrel-macos-x86_64 | 0.0.1 | 74.00 | OK | |||
r-oldrel-windows-x86_64 | 0.0.1 | 15.00 | 109.00 | 124.00 | OK |
Version: 0.0.1
Check: whether the namespace can be unloaded cleanly
Result: WARN
Error in loadNamespace(j <- i[[1L]], c(lib.loc, .libPaths()), versionCheck = vI[[j]]) :
there is no package called ‘Rcpp’
Calls: suppressMessages ... loadNamespace -> withRestarts -> withOneRestart -> doWithOneRestart
Execution halted
Flavor: r-devel-linux-x86_64-fedora-clang
Version: 0.0.1
Check: loading without being on the library search path
Result: WARN
Error: package or namespace load failed for ‘quid’ in loadNamespace(j <- i[[1L]], c(lib.loc, .libPaths()), versionCheck = vI[[j]]):
there is no package called ‘Rcpp’
Execution halted
It looks like this package has a loading problem when not on .libPaths:
see the messages for details.
Flavor: r-devel-linux-x86_64-fedora-clang
Version: 0.0.1
Check: dependencies in R code
Result: NOTE
Error: there is no package called ‘Rcpp’
Call sequence:
12: doWithOneRestart(return(expr), restart)
11: withOneRestart(expr, restarts[[1L]])
10: withRestarts(stop(cond), retry_loadNamespace = function() NULL)
9: loadNamespace(j <- i[[1L]], c(lib.loc, .libPaths()), versionCheck = vI[[j]])
8: asNamespace(ns)
7: namespaceImportFrom(ns, loadNamespace(j <- i[[1L]], c(lib.loc,
.libPaths()), versionCheck = vI[[j]]), i[[2L]], from = package)
6: loadNamespace(j <- imp[[1L]], c(lib.loc, .libPaths()), versionCheck = vI[[j]])
5: asNamespace(ns)
4: asNamespace(ns)
3: namespaceImportFrom(self, asNamespace(ns), vars, from = from)
2: namespaceImportClasses(ns, loadNamespace(j <- imp[[1L]], c(lib.loc,
.libPaths()), versionCheck = vI[[j]]), imp[[2L]], from = package)
1: loadNamespace(package, lib.loc)
Execution halted
Flavor: r-devel-linux-x86_64-fedora-clang
Version: 0.0.1
Check: S3 generic/method consistency
Result: WARN
Error: there is no package called ‘Rcpp’
Call sequence:
12: doWithOneRestart(return(expr), restart)
11: withOneRestart(expr, restarts[[1L]])
10: withRestarts(stop(cond), retry_loadNamespace = function() NULL)
9: loadNamespace(j <- i[[1L]], c(lib.loc, .libPaths()), versionCheck = vI[[j]])
8: asNamespace(ns)
7: namespaceImportFrom(ns, loadNamespace(j <- i[[1L]], c(lib.loc,
.libPaths()), versionCheck = vI[[j]]), i[[2L]], from = package)
6: loadNamespace(j <- imp[[1L]], c(lib.loc, .libPaths()), versionCheck = vI[[j]])
5: asNamespace(ns)
4: asNamespace(ns)
3: namespaceImportFrom(self, asNamespace(ns), vars, from = from)
2: namespaceImportClasses(ns, loadNamespace(j <- imp[[1L]], c(lib.loc,
.libPaths()), versionCheck = vI[[j]]), imp[[2L]], from = package)
1: loadNamespace(package, lib.loc)
Execution halted
See section ‘Generic functions and methods’ in the ‘Writing R
Extensions’ manual.
Flavor: r-devel-linux-x86_64-fedora-clang
Version: 0.0.1
Check: replacement functions
Result: WARN
Error: there is no package called ‘Rcpp’
Call sequence:
12: doWithOneRestart(return(expr), restart)
11: withOneRestart(expr, restarts[[1L]])
10: withRestarts(stop(cond), retry_loadNamespace = function() NULL)
9: loadNamespace(j <- i[[1L]], c(lib.loc, .libPaths()), versionCheck = vI[[j]])
8: asNamespace(ns)
7: namespaceImportFrom(ns, loadNamespace(j <- i[[1L]], c(lib.loc,
.libPaths()), versionCheck = vI[[j]]), i[[2L]], from = package)
6: loadNamespace(j <- imp[[1L]], c(lib.loc, .libPaths()), versionCheck = vI[[j]])
5: asNamespace(ns)
4: asNamespace(ns)
3: namespaceImportFrom(self, asNamespace(ns), vars, from = from)
2: namespaceImportClasses(ns, loadNamespace(j <- imp[[1L]], c(lib.loc,
.libPaths()), versionCheck = vI[[j]]), imp[[2L]], from = package)
1: loadNamespace(package, lib.loc)
Execution halted
The argument of a replacement function which corresponds to the right
hand side must be named ‘value’.
Flavor: r-devel-linux-x86_64-fedora-clang
Version: 0.0.1
Check: foreign function calls
Result: NOTE
Error: there is no package called ‘Rcpp’
Call sequence:
12: doWithOneRestart(return(expr), restart)
11: withOneRestart(expr, restarts[[1L]])
10: withRestarts(stop(cond), retry_loadNamespace = function() NULL)
9: loadNamespace(j <- i[[1L]], c(lib.loc, .libPaths()), versionCheck = vI[[j]])
8: asNamespace(ns)
7: namespaceImportFrom(ns, loadNamespace(j <- i[[1L]], c(lib.loc,
.libPaths()), versionCheck = vI[[j]]), i[[2L]], from = package)
6: loadNamespace(j <- imp[[1L]], c(lib.loc, .libPaths()), versionCheck = vI[[j]])
5: asNamespace(ns)
4: asNamespace(ns)
3: namespaceImportFrom(self, asNamespace(ns), vars, from = from)
2: namespaceImportClasses(ns, loadNamespace(j <- imp[[1L]], c(lib.loc,
.libPaths()), versionCheck = vI[[j]]), imp[[2L]], from = package)
1: loadNamespace(package, lib.loc)
Execution halted
See chapter ‘System and foreign language interfaces’ in the ‘Writing R
Extensions’ manual.
Flavor: r-devel-linux-x86_64-fedora-clang