Last updated on 2024-07-26 07:51:59 CEST.
Flavor | Version | Tinstall | Tcheck | Ttotal | Status | Flags |
---|---|---|---|---|---|---|
r-devel-linux-x86_64-debian-clang | 4.0.2 | 299.96 | 341.60 | 641.56 | OK | |
r-devel-linux-x86_64-debian-gcc | 4.0.2 | 214.06 | 265.13 | 479.19 | NOTE | |
r-devel-linux-x86_64-fedora-clang | 4.0.2 | 857.57 | NOTE | |||
r-devel-linux-x86_64-fedora-gcc | 4.0.2 | 828.73 | NOTE | |||
r-devel-windows-x86_64 | 4.0.2 | 283.00 | 292.00 | 575.00 | NOTE | |
r-patched-linux-x86_64 | 4.0.2 | OK | ||||
r-release-linux-x86_64 | 4.0.2 | 275.64 | 331.98 | 607.62 | OK | |
r-release-macos-arm64 | 4.0.2 | 204.00 | NOTE | |||
r-release-macos-x86_64 | 4.0.2 | 245.00 | NOTE | |||
r-release-windows-x86_64 | 4.0.2 | 311.00 | 287.00 | 598.00 | OK | |
r-oldrel-macos-arm64 | 4.0.2 | 205.00 | NOTE | |||
r-oldrel-macos-x86_64 | 4.0.2 | 349.00 | NOTE | |||
r-oldrel-windows-x86_64 | 4.0.2 | 321.00 | 377.00 | 698.00 | OK |
Version: 4.0.2
Check: Rd cross-references
Result: NOTE
Found the following Rd file(s) with Rd \link{} targets missing package
anchors:
msg.Rd: stri_sprintf
Please provide package anchors for all Rd \link{} targets not in the
package itself and the base packages.
Flavors: r-devel-linux-x86_64-debian-gcc, r-devel-windows-x86_64
Version: 4.0.2
Check: data for non-ASCII characters
Result: NOTE
Note: found 4 marked UTF-8 strings
Flavors: r-devel-linux-x86_64-fedora-clang, r-devel-linux-x86_64-fedora-gcc
Version: 4.0.2
Check: installed package size
Result: NOTE
installed size is 9.0Mb
sub-directories of 1Mb or more:
libs 6.5Mb
Flavors: r-release-macos-arm64, r-release-macos-x86_64, r-oldrel-macos-arm64, r-oldrel-macos-x86_64