CRAN Package Check Results for Package quadprogXT

Last updated on 2025-02-24 07:51:09 CET.

Flavor Version Tinstall Tcheck Ttotal Status Flags
r-devel-linux-x86_64-debian-clang 0.0.5 1.71 17.40 19.11 OK
r-devel-linux-x86_64-debian-gcc 0.0.5 1.43 14.38 15.81 OK
r-devel-linux-x86_64-fedora-clang 0.0.5 31.23 OK
r-devel-linux-x86_64-fedora-gcc 0.0.5 29.28 OK
r-devel-macos-arm64 0.0.5 14.00 OK
r-devel-macos-x86_64 0.0.5 30.00 OK
r-devel-windows-x86_64 0.0.5 2.00 39.00 41.00 OK
r-patched-linux-x86_64 0.0.5 1.79 16.90 18.69 NOTE
r-release-linux-x86_64 0.0.5 1.66 16.88 18.54 NOTE
r-release-macos-arm64 0.0.5 14.00 NOTE
r-release-macos-x86_64 0.0.5 23.00 NOTE
r-release-windows-x86_64 0.0.5 4.00 37.00 41.00 NOTE
r-oldrel-macos-arm64 0.0.5 16.00 NOTE
r-oldrel-macos-x86_64 0.0.5 20.00 NOTE
r-oldrel-windows-x86_64 0.0.5 6.00 38.00 44.00 NOTE

Check Details

Version: 0.0.5
Check: LazyData
Result: NOTE 'LazyData' is specified without a 'data' directory Flavors: r-patched-linux-x86_64, r-release-linux-x86_64, r-release-macos-arm64, r-release-macos-x86_64, r-release-windows-x86_64, r-oldrel-macos-arm64, r-oldrel-macos-x86_64, r-oldrel-windows-x86_64