Last updated on 2024-07-26 07:51:59 CEST.
Flavor | Version | Tinstall | Tcheck | Ttotal | Status | Flags |
---|---|---|---|---|---|---|
r-devel-linux-x86_64-debian-clang | 0.2.7 | 8.31 | 232.46 | 240.77 | OK | |
r-devel-linux-x86_64-debian-gcc | 0.2.7 | 8.75 | 176.16 | 184.91 | OK | |
r-devel-linux-x86_64-fedora-clang | 0.2.7 | 308.52 | OK | |||
r-devel-linux-x86_64-fedora-gcc | 0.2.7 | 302.58 | OK | |||
r-devel-windows-x86_64 | 0.2.7 | 12.00 | 193.00 | 205.00 | OK | |
r-patched-linux-x86_64 | 0.2.7 | OK | ||||
r-release-linux-x86_64 | 0.2.7 | 12.58 | 222.37 | 234.95 | OK | |
r-release-macos-arm64 | 0.2.7 | 88.00 | OK | |||
r-release-macos-x86_64 | 0.2.7 | 145.00 | OK | |||
r-release-windows-x86_64 | 0.2.7 | 11.00 | 189.00 | 200.00 | OK | |
r-oldrel-macos-arm64 | 0.2.7 | 101.00 | OK | |||
r-oldrel-macos-x86_64 | 0.2.7 | 97.00 | NOTE | |||
r-oldrel-windows-x86_64 | 0.2.7 | 15.00 | 229.00 | 244.00 | OK |
Version: 0.2.7
Check: package dependencies
Result: NOTE
Packages suggested but not available for checking: 'glmmTMB', 'DHARMa'
Flavor: r-oldrel-macos-x86_64