Last updated on 2025-02-19 07:53:55 CET.
Flavor | Version | Tinstall | Tcheck | Ttotal | Status | Flags |
---|---|---|---|---|---|---|
r-devel-linux-x86_64-debian-clang | 1.2.0 | 2.37 | 34.93 | 37.30 | NOTE | |
r-devel-linux-x86_64-debian-gcc | 1.2.0 | 1.95 | 26.15 | 28.10 | NOTE | |
r-devel-linux-x86_64-fedora-clang | 1.2.0 | 63.01 | NOTE | |||
r-devel-linux-x86_64-fedora-gcc | 1.2.0 | 71.95 | NOTE | |||
r-devel-macos-arm64 | 1.2.0 | 27.00 | NOTE | |||
r-devel-macos-x86_64 | 1.2.0 | 54.00 | NOTE | |||
r-devel-windows-x86_64 | 1.2.0 | 4.00 | 60.00 | 64.00 | NOTE | |
r-patched-linux-x86_64 | 1.2.0 | 2.52 | 33.72 | 36.24 | NOTE | |
r-release-linux-x86_64 | 1.2.0 | 2.19 | 32.84 | 35.03 | NOTE | |
r-release-macos-arm64 | 1.2.0 | 26.00 | NOTE | |||
r-release-macos-x86_64 | 1.2.0 | 38.00 | NOTE | |||
r-release-windows-x86_64 | 1.2.0 | 3.00 | 56.00 | 59.00 | NOTE | |
r-oldrel-macos-arm64 | 1.2.0 | 26.00 | OK | |||
r-oldrel-macos-x86_64 | 1.2.0 | 43.00 | OK | |||
r-oldrel-windows-x86_64 | 1.2.0 | 4.00 | 85.00 | 89.00 | OK |
Version: 1.2.0
Check: Rd files
Result: NOTE
checkRd: (-1) hideLocation.Rd:10: Lost braces; missing escapes or markup?
10 | \item{trueLoc}{A vector of one or more numbers in the set {1, 2, ..., nSubjects} whose locations are to be hidden.}
| ^
checkRd: (-1) hideLocation.Rd:12: Lost braces; missing escapes or markup?
12 | \item{nSubjects}{An integer larger than 1 used to define the set {1, 2, ..., nSubjects}.}
| ^
Flavors: r-devel-linux-x86_64-debian-clang, r-devel-linux-x86_64-debian-gcc, r-devel-linux-x86_64-fedora-clang, r-devel-linux-x86_64-fedora-gcc, r-devel-macos-arm64, r-devel-macos-x86_64, r-devel-windows-x86_64, r-patched-linux-x86_64, r-release-linux-x86_64, r-release-macos-arm64, r-release-macos-x86_64, r-release-windows-x86_64