Last updated on 2024-07-26 07:51:59 CEST.
Flavor | Version | Tinstall | Tcheck | Ttotal | Status | Flags |
---|---|---|---|---|---|---|
r-devel-linux-x86_64-debian-clang | 1.0-4 | 8.51 | 91.26 | 99.77 | OK | |
r-devel-linux-x86_64-debian-gcc | 1.0-4 | 6.46 | 69.17 | 75.63 | NOTE | |
r-devel-linux-x86_64-fedora-clang | 1.0-4 | 124.11 | OK | |||
r-devel-linux-x86_64-fedora-gcc | 1.0-4 | 119.06 | OK | |||
r-devel-windows-x86_64 | 1.0-4 | 8.00 | 91.00 | 99.00 | NOTE | |
r-patched-linux-x86_64 | 1.0-4 | OK | ||||
r-release-linux-x86_64 | 1.0-4 | 6.99 | 87.02 | 94.01 | OK | |
r-release-macos-arm64 | 1.0-4 | 37.00 | OK | |||
r-release-macos-x86_64 | 1.0-4 | 54.00 | OK | |||
r-release-windows-x86_64 | 1.0-4 | 8.00 | 87.00 | 95.00 | OK | |
r-oldrel-macos-arm64 | 1.0-4 | 40.00 | OK | |||
r-oldrel-macos-x86_64 | 1.0-4 | 64.00 | OK | |||
r-oldrel-windows-x86_64 | 1.0-4 | 11.00 | 105.00 | 116.00 | OK |
Version: 1.0-4
Check: Rd cross-references
Result: NOTE
Found the following Rd file(s) with Rd \link{} targets missing package
anchors:
fitqmapdist.Rd: mledist, fitdist
startbernexp.Rd: mledist, fitdist
startberngamma.Rd: mledist, fitdist
startbernlnorm.Rd: mledist, fitdist
startbernweibull.Rd: mledist, fitdist
Please provide package anchors for all Rd \link{} targets not in the
package itself and the base packages.
Flavors: r-devel-linux-x86_64-debian-gcc, r-devel-windows-x86_64