CRAN Package Check Results for Package qiitr

Last updated on 2025-02-23 07:52:05 CET.

Flavor Version Tinstall Tcheck Ttotal Status Flags
r-devel-linux-x86_64-debian-clang 0.1.1 2.12 21.05 23.17 OK
r-devel-linux-x86_64-debian-gcc 0.1.1 1.64 16.68 18.32 OK
r-devel-linux-x86_64-fedora-clang 0.1.1 36.54 OK
r-devel-linux-x86_64-fedora-gcc 0.1.1 34.32 OK
r-devel-macos-arm64 0.1.1 16.00 OK
r-devel-macos-x86_64 0.1.1 28.00 OK
r-devel-windows-x86_64 0.1.1 3.00 45.00 48.00 OK
r-patched-linux-x86_64 0.1.1 2.27 19.96 22.23 NOTE
r-release-linux-x86_64 0.1.1 1.90 20.02 21.92 NOTE
r-release-macos-arm64 0.1.1 15.00 NOTE
r-release-macos-x86_64 0.1.1 25.00 NOTE
r-release-windows-x86_64 0.1.1 4.00 43.00 47.00 NOTE
r-oldrel-macos-arm64 0.1.1 14.00 NOTE
r-oldrel-macos-x86_64 0.1.1 20.00 NOTE
r-oldrel-windows-x86_64 0.1.1 4.00 45.00 49.00 NOTE

Check Details

Version: 0.1.1
Check: LazyData
Result: NOTE 'LazyData' is specified without a 'data' directory Flavors: r-patched-linux-x86_64, r-release-linux-x86_64, r-release-macos-arm64, r-release-macos-x86_64, r-release-windows-x86_64, r-oldrel-macos-arm64, r-oldrel-macos-x86_64, r-oldrel-windows-x86_64