Last updated on 2025-02-07 07:49:16 CET.
Flavor | Version | Tinstall | Tcheck | Ttotal | Status | Flags |
---|---|---|---|---|---|---|
r-devel-linux-x86_64-debian-clang | 1.3.0 | 2.43 | 21.91 | 24.34 | NOTE | |
r-devel-linux-x86_64-debian-gcc | 1.3.0 | 1.74 | 17.90 | 19.64 | NOTE | |
r-devel-linux-x86_64-fedora-clang | 1.3.0 | 39.40 | NOTE | |||
r-devel-linux-x86_64-fedora-gcc | 1.3.0 | 37.43 | NOTE | |||
r-devel-windows-x86_64 | 1.3.0 | 4.00 | 53.00 | 57.00 | NOTE | |
r-patched-linux-x86_64 | 1.3.0 | 2.17 | 21.13 | 23.30 | OK | |
r-release-linux-x86_64 | 1.3.0 | 2.09 | 21.24 | 23.33 | OK | |
r-release-macos-arm64 | 1.3.0 | 21.00 | OK | |||
r-release-macos-x86_64 | 1.3.0 | 32.00 | OK | |||
r-release-windows-x86_64 | 1.3.0 | 4.00 | 51.00 | 55.00 | OK | |
r-oldrel-macos-arm64 | 1.3.0 | 21.00 | OK | |||
r-oldrel-macos-x86_64 | 1.3.0 | 32.00 | OK | |||
r-oldrel-windows-x86_64 | 1.3.0 | 5.00 | 53.00 | 58.00 | OK |
Version: 1.3.0
Check: DESCRIPTION meta-information
Result: NOTE
Missing dependency on R >= 4.1.0 because package code uses the pipe
|> or function shorthand \(...) syntax added in R 4.1.0.
File(s) using such syntax:
‘qb_records.R’
Flavors: r-devel-linux-x86_64-debian-clang, r-devel-linux-x86_64-debian-gcc, r-devel-linux-x86_64-fedora-clang, r-devel-linux-x86_64-fedora-gcc, r-devel-windows-x86_64