Last updated on 2024-07-26 07:51:59 CEST.
Flavor | Version | Tinstall | Tcheck | Ttotal | Status | Flags |
---|---|---|---|---|---|---|
r-devel-linux-x86_64-debian-clang | 1.4 | 3.26 | 35.05 | 38.31 | OK | |
r-devel-linux-x86_64-debian-gcc | 1.4 | 2.41 | 26.56 | 28.97 | NOTE | |
r-devel-linux-x86_64-fedora-clang | 1.4 | 49.53 | OK | |||
r-devel-linux-x86_64-fedora-gcc | 1.4 | 45.11 | OK | |||
r-devel-windows-x86_64 | 1.4 | 4.00 | 47.00 | 51.00 | NOTE | |
r-patched-linux-x86_64 | 1.4 | OK | ||||
r-release-linux-x86_64 | 1.4 | 2.73 | 33.32 | 36.05 | OK | |
r-release-macos-arm64 | 1.4 | 18.00 | OK | |||
r-release-macos-x86_64 | 1.4 | 26.00 | OK | |||
r-release-windows-x86_64 | 1.4 | 4.00 | 46.00 | 50.00 | OK | |
r-oldrel-macos-arm64 | 1.4 | 22.00 | OK | |||
r-oldrel-macos-x86_64 | 1.4 | 45.00 | OK | |||
r-oldrel-windows-x86_64 | 1.4 | 5.00 | 51.00 | 56.00 | OK |
Version: 1.4
Check: Rd cross-references
Result: NOTE
Found the following Rd file(s) with Rd \link{} targets missing package
anchors:
predictpycno.Rd: SpatialGridDataFrame, SpatialPolygonsDataFrame
pycno.Rd: SpatialPolygonsDataFrame, SpatialGridDataFrame
Please provide package anchors for all Rd \link{} targets not in the
package itself and the base packages.
Flavors: r-devel-linux-x86_64-debian-gcc, r-devel-windows-x86_64