Last updated on 2025-11-04 07:50:04 CET.
| Flavor | Version | Tinstall | Tcheck | Ttotal | Status | Flags | 
|---|---|---|---|---|---|---|
| r-devel-linux-x86_64-debian-clang | 7.1-1 | 7.23 | 22.11 | 29.34 | NOTE | |
| r-devel-linux-x86_64-debian-gcc | 7.1-1 | 6.92 | 17.97 | 24.89 | NOTE | |
| r-devel-linux-x86_64-fedora-clang | 7.1-1 | 14.00 | 29.00 | 43.00 | OK | |
| r-devel-linux-x86_64-fedora-gcc | 7.1-1 | 15.00 | 26.25 | 41.25 | OK | |
| r-devel-windows-x86_64 | 7.1-1 | 8.00 | 43.00 | 51.00 | OK | |
| r-patched-linux-x86_64 | 7.1-1 | 7.55 | 21.21 | 28.76 | OK | |
| r-release-linux-x86_64 | 7.1-1 | 7.06 | 21.10 | 28.16 | OK | |
| r-release-macos-arm64 | 7.1-1 | 6.00 | 19.00 | 25.00 | OK | |
| r-release-macos-x86_64 | 7.1-1 | 8.00 | 25.00 | 33.00 | OK | |
| r-release-windows-x86_64 | 7.1-1 | 8.00 | 41.00 | 49.00 | OK | |
| r-oldrel-macos-arm64 | 7.1-1 | 5.00 | 16.00 | 21.00 | NOTE | |
| r-oldrel-macos-x86_64 | 7.1-1 | 6.00 | 22.00 | 28.00 | NOTE | |
| r-oldrel-windows-x86_64 | 7.1-1 | 9.00 | 45.00 | 54.00 | NOTE | 
Version: 7.1-1
Check: CRAN incoming feasibility
Result: NOTE
  Maintainer: ‘Achim Zeileis <Achim.Zeileis@R-project.org>’
  
  Package CITATION file contains call(s) to old-style personList() or
  as.personList().  Please use c() on person objects instead.
  Package CITATION file contains call(s) to old-style citEntry().  Please
  use bibentry() instead.
Flavors: r-devel-linux-x86_64-debian-clang, r-devel-linux-x86_64-debian-gcc
Version: 7.1-1
Check: installed package size
Result: NOTE
    installed size is  7.3Mb
    sub-directories of 1Mb or more:
      data   7.2Mb
Flavors: r-oldrel-macos-arm64, r-oldrel-macos-x86_64, r-oldrel-windows-x86_64