Last updated on 2024-05-11 07:51:39 CEST.
Flavor | Version | Tinstall | Tcheck | Ttotal | Status | Flags |
---|---|---|---|---|---|---|
r-devel-linux-x86_64-debian-clang | 0.6.1 | 4.54 | 74.28 | 78.82 | NOTE | |
r-devel-linux-x86_64-debian-gcc | 0.6.1 | 5.06 | 53.59 | 58.65 | NOTE | |
r-devel-linux-x86_64-fedora-clang | 0.6.1 | 103.22 | NOTE | |||
r-devel-linux-x86_64-fedora-gcc | 0.6.1 | 151.59 | NOTE | |||
r-devel-windows-x86_64 | 0.6.1 | 7.00 | 75.00 | 82.00 | NOTE | --no-vignettes |
r-patched-linux-x86_64 | 0.6.1 | 7.02 | 70.99 | 78.01 | NOTE | |
r-release-linux-x86_64 | 0.6.1 | 6.77 | 70.04 | 76.81 | NOTE | |
r-release-macos-arm64 | 0.6.1 | 41.00 | NOTE | |||
r-release-windows-x86_64 | 0.6.1 | 8.00 | 75.00 | 83.00 | NOTE | --no-vignettes |
r-oldrel-macos-arm64 | 0.6.1 | 43.00 | OK | |||
r-oldrel-macos-x86_64 | 0.6.1 | 66.00 | OK | |||
r-oldrel-windows-x86_64 | 0.6.1 | 10.00 | 88.00 | 98.00 | OK | --no-vignettes |
Version: 0.6.1
Check: Rd files
Result: NOTE
checkRd: (-1) dprime.Rd:37: Lost braces in \itemize; \value handles \item{}{} directly
checkRd: (-1) dprime.Rd:38: Lost braces in \itemize; \value handles \item{}{} directly
checkRd: (-1) dprime.Rd:39: Lost braces in \itemize; \value handles \item{}{} directly
checkRd: (-1) dprime.Rd:40: Lost braces in \itemize; \value handles \item{}{} directly
checkRd: (-1) dprime.Rd:41: Lost braces in \itemize; \value handles \item{}{} directly
Flavors: r-devel-linux-x86_64-debian-clang, r-devel-linux-x86_64-debian-gcc, r-devel-linux-x86_64-fedora-clang, r-devel-linux-x86_64-fedora-gcc, r-patched-linux-x86_64, r-release-linux-x86_64, r-release-macos-arm64
Version: 0.6.1
Flags: --no-vignettes
Check: Rd files
Result: NOTE
checkRd: (-1) dprime.Rd:37: Lost braces in \itemize; \value handles \item{}{} directly
checkRd: (-1) dprime.Rd:38: Lost braces in \itemize; \value handles \item{}{} directly
checkRd: (-1) dprime.Rd:39: Lost braces in \itemize; \value handles \item{}{} directly
checkRd: (-1) dprime.Rd:40: Lost braces in \itemize; \value handles \item{}{} directly
checkRd: (-1) dprime.Rd:41: Lost braces in \itemize; \value handles \item{}{} directly
Flavors: r-devel-windows-x86_64, r-release-windows-x86_64