Last updated on 2024-07-26 07:51:59 CEST.
Flavor | Version | Tinstall | Tcheck | Ttotal | Status | Flags |
---|---|---|---|---|---|---|
r-devel-linux-x86_64-debian-clang | 0.1.1 | 5.52 | 60.38 | 65.90 | OK | |
r-devel-linux-x86_64-debian-gcc | 0.1.1 | 4.42 | 44.16 | 48.58 | OK | |
r-devel-linux-x86_64-fedora-clang | 0.1.1 | 84.59 | NOTE | |||
r-devel-linux-x86_64-fedora-gcc | 0.1.1 | 92.82 | NOTE | |||
r-devel-windows-x86_64 | 0.1.1 | 7.00 | 65.00 | 72.00 | OK | |
r-patched-linux-x86_64 | 0.1.1 | OK | ||||
r-release-linux-x86_64 | 0.1.1 | 4.90 | 57.38 | 62.28 | OK | |
r-release-macos-arm64 | 0.1.1 | 36.00 | OK | |||
r-release-macos-x86_64 | 0.1.1 | 68.00 | OK | |||
r-release-windows-x86_64 | 0.1.1 | 6.00 | 66.00 | 72.00 | OK | |
r-oldrel-macos-arm64 | 0.1.1 | 35.00 | OK | |||
r-oldrel-macos-x86_64 | 0.1.1 | 51.00 | OK | |||
r-oldrel-windows-x86_64 | 0.1.1 | 8.00 | 72.00 | 80.00 | OK |
Version: 0.1.1
Check: data for non-ASCII characters
Result: NOTE
Note: found 596 marked UTF-8 strings
Flavors: r-devel-linux-x86_64-fedora-clang, r-devel-linux-x86_64-fedora-gcc