Last updated on 2025-02-17 07:50:43 CET.
Flavor | Version | Tinstall | Tcheck | Ttotal | Status | Flags |
---|---|---|---|---|---|---|
r-devel-linux-x86_64-debian-clang | 1.0.9 | 1.77 | 15.93 | 17.70 | OK | |
r-devel-linux-x86_64-debian-gcc | 1.0.9 | 1.48 | 12.93 | 14.41 | OK | |
r-devel-linux-x86_64-fedora-clang | 1.0.9 | 30.08 | OK | |||
r-devel-linux-x86_64-fedora-gcc | 1.0.9 | 28.77 | OK | |||
r-devel-macos-arm64 | 1.0.9 | 14.00 | OK | |||
r-devel-macos-x86_64 | 1.0.9 | 26.00 | OK | |||
r-devel-windows-x86_64 | 1.0.9 | 3.00 | 37.00 | 40.00 | OK | |
r-patched-linux-x86_64 | 1.0.9 | 1.82 | 15.36 | 17.18 | NOTE | |
r-release-linux-x86_64 | 1.0.9 | 1.83 | 15.38 | 17.21 | NOTE | |
r-release-macos-arm64 | 1.0.9 | 15.00 | NOTE | |||
r-release-macos-x86_64 | 1.0.9 | 19.00 | NOTE | |||
r-release-windows-x86_64 | 1.0.9 | 2.00 | 45.00 | 47.00 | NOTE | |
r-oldrel-macos-arm64 | 1.0.9 | 14.00 | NOTE | |||
r-oldrel-macos-x86_64 | 1.0.9 | 20.00 | NOTE | |||
r-oldrel-windows-x86_64 | 1.0.9 | 3.00 | 43.00 | 46.00 | NOTE |
Version: 1.0.9
Check: package dependencies
Result: NOTE
Package suggested but not available for checking: ‘rdt’
Flavors: r-patched-linux-x86_64, r-release-linux-x86_64, r-release-macos-arm64, r-release-macos-x86_64, r-release-windows-x86_64, r-oldrel-macos-arm64, r-oldrel-macos-x86_64, r-oldrel-windows-x86_64