Last updated on 2025-11-02 07:50:16 CET.
| Flavor | Version | Tinstall | Tcheck | Ttotal | Status | Flags |
|---|---|---|---|---|---|---|
| r-devel-linux-x86_64-debian-clang | 1.0.1 | 2.81 | 49.37 | 52.18 | OK | |
| r-devel-linux-x86_64-debian-gcc | 1.0.1 | 2.39 | 38.07 | 40.46 | OK | |
| r-devel-linux-x86_64-fedora-clang | 1.0.1 | 83.23 | OK | |||
| r-devel-linux-x86_64-fedora-gcc | 1.0.1 | 13.00 | 86.42 | 99.42 | OK | |
| r-devel-windows-x86_64 | 1.0.1 | 5.00 | 70.00 | 75.00 | OK | |
| r-patched-linux-x86_64 | 1.0.1 | 3.62 | 46.65 | 50.27 | OK | |
| r-release-linux-x86_64 | 1.0.1 | 2.84 | 47.31 | 50.15 | OK | |
| r-release-macos-arm64 | 1.0.1 | 2.00 | 45.00 | 47.00 | OK | |
| r-release-macos-x86_64 | 1.0.1 | 3.00 | 66.00 | 69.00 | OK | |
| r-release-windows-x86_64 | 1.0.1 | 6.00 | 69.00 | 75.00 | OK | |
| r-oldrel-macos-arm64 | 1.0.1 | 2.00 | 38.00 | 40.00 | NOTE | |
| r-oldrel-macos-x86_64 | 1.0.1 | 3.00 | 49.00 | 52.00 | NOTE | |
| r-oldrel-windows-x86_64 | 1.0.1 | 7.00 | 83.00 | 90.00 | NOTE |
Version: 1.0.1
Check: package dependencies
Result: NOTE
Package suggested but not available for checking: ‘rdt’
Flavors: r-oldrel-macos-arm64, r-oldrel-macos-x86_64, r-oldrel-windows-x86_64