Last updated on 2025-10-31 07:51:54 CET.
| Flavor | Version | Tinstall | Tcheck | Ttotal | Status | Flags | 
|---|---|---|---|---|---|---|
| r-devel-linux-x86_64-debian-gcc | 1.0.6 | 6.82 | 167.67 | 174.49 | OK | |
| r-devel-linux-x86_64-fedora-clang | 1.0.6 | 20.00 | 230.98 | 250.98 | OK | |
| r-devel-linux-x86_64-fedora-gcc | 1.0.6 | 28.00 | 379.52 | 407.52 | OK | |
| r-release-macos-arm64 | 1.0.6 | 7.00 | 105.00 | 112.00 | OK | |
| r-release-macos-x86_64 | 1.0.6 | 26.00 | 385.00 | 411.00 | OK | |
| r-oldrel-macos-arm64 | 1.0.6 | 7.00 | 110.00 | 117.00 | NOTE | |
| r-oldrel-macos-x86_64 | 1.0.6 | 23.00 | 395.00 | 418.00 | NOTE | 
Version: 1.0.6
Check: installed package size
Result: NOTE
    installed size is  7.0Mb
    sub-directories of 1Mb or more:
      doc       1.8Mb
      extdata   4.0Mb
Flavors: r-oldrel-macos-arm64, r-oldrel-macos-x86_64