CRAN Package Check Results for Package projects

Last updated on 2025-06-30 07:49:28 CEST.

Flavor Version Tinstall Tcheck Ttotal Status Flags
r-devel-linux-x86_64-debian-clang 2.1.3 5.99 50.09 56.08 OK
r-devel-linux-x86_64-debian-gcc 2.1.3 3.75 35.53 39.28 OK
r-devel-linux-x86_64-fedora-clang 2.1.3 84.93 NOTE
r-devel-linux-x86_64-fedora-gcc 2.1.3 79.58 NOTE
r-devel-windows-x86_64 2.1.3 7.00 67.00 74.00 OK
r-patched-linux-x86_64 OK
r-release-linux-x86_64 2.1.3 5.81 45.15 50.96 OK
r-release-macos-arm64 2.1.3 29.00 OK
r-release-macos-x86_64 2.1.3 95.00 OK
r-release-windows-x86_64 2.1.3 8.00 71.00 79.00 OK
r-oldrel-macos-arm64 2.1.3 27.00 OK
r-oldrel-macos-x86_64 2.1.3 65.00 OK
r-oldrel-windows-x86_64 2.1.3 9.00 77.00 86.00 OK

Check Details

Version: 2.1.3
Check: dependencies in R code
Result: NOTE Namespace in Imports field not imported from: ‘methods’ All declared Imports should be used. Flavors: r-devel-linux-x86_64-fedora-clang, r-devel-linux-x86_64-fedora-gcc